{"id":4571,"date":"2025-12-02T12:53:10","date_gmt":"2025-12-02T12:53:10","guid":{"rendered":"https:\/\/zzit.org.pl\/okregi\/wielkopolskolubuski\/?page_id=4571"},"modified":"2025-12-02T12:53:50","modified_gmt":"2025-12-02T12:53:50","slug":"19-08-2025-sekcja-mlodych-zzit-warszawa","status":"publish","type":"page","link":"https:\/\/zzit.org.pl\/okregi\/wielkopolskolubuski\/galeria\/2025-2\/19-08-2025-sekcja-mlodych-zzit-warszawa\/","title":{"rendered":"19.08.2025 &#8211; Sekcja M\u0142odych ZZIT Warszawa"},"content":{"rendered":"<p style=\"text-align: center\"><em><strong>19.08.2025 &#8211; Sekcja M\u0142odych ZZIT Warszawa<\/strong><\/em><\/p>\n<p style=\"text-align: center\">W dniu 19 sierpnia 2025 r. w Warszawie odby\u0142o si\u0119 posiedzenie Sekcji M\u0142odych Bran\u017cy Motoryzacyjnej ZZIT. Podczas spotkania om\u00f3wiono aktualne wyzwania stoj\u0105ce przed m\u0142odymi in\u017cynierami i technikami, w tym kwestie rozwoju kompetencji w obszarze elektromobilno\u015bci, potrzeby wsparcia w zakresie szkole\u0144 oraz dzia\u0142ania na rzecz poprawy warunk\u00f3w pracy w sektorze.<\/p>\n<p><a href=\"https:\/\/zzit.org.pl\/okregi\/wielkopolskolubuski\/wp-content\/uploads\/sites\/11\/2025\/12\/1000094208.jpg\"><img loading=\"lazy\" decoding=\"async\" class=\"alignnone size-large wp-image-4569\" src=\"https:\/\/zzit.org.pl\/okregi\/wielkopolskolubuski\/wp-content\/uploads\/sites\/11\/2025\/12\/1000094208-768x1024.jpg\" alt=\"\" width=\"584\" height=\"779\" srcset=\"https:\/\/zzit.org.pl\/okregi\/wielkopolskolubuski\/wp-content\/uploads\/sites\/11\/2025\/12\/1000094208-768x1024.jpg 768w, https:\/\/zzit.org.pl\/okregi\/wielkopolskolubuski\/wp-content\/uploads\/sites\/11\/2025\/12\/1000094208-225x300.jpg 225w, https:\/\/zzit.org.pl\/okregi\/wielkopolskolubuski\/wp-content\/uploads\/sites\/11\/2025\/12\/1000094208-1152x1536.jpg 1152w, https:\/\/zzit.org.pl\/okregi\/wielkopolskolubuski\/wp-content\/uploads\/sites\/11\/2025\/12\/1000094208.jpg 1500w\" sizes=\"auto, (max-width: 584px) 100vw, 584px\" \/><\/a><\/p>\n<p style=\"text-align: center\">Uczestnicy przedstawili propozycje inicjatyw na kolejny rok, w tym programy mentoringowe, wsp\u00f3\u0142prac\u0119 z uczelniami technicznymi oraz organizacj\u0119 warsztat\u00f3w bran\u017cowych. Podkre\u015blono r\u00f3wnie\u017c znaczenie aktywnego udzia\u0142u m\u0142odych cz\u0142onk\u00f3w w tworzeniu przysz\u0142o\u015bci motoryzacji w Polsce.Spotkanie zako\u0144czy\u0142o si\u0119 ustaleniem harmonogramu dalszych prac oraz zaproszeniem do udzia\u0142u w kolejnych wydarzeniach sekcji<\/p>\n","protected":false},"excerpt":{"rendered":"<p>19.08.2025 &#8211; Sekcja M\u0142odych ZZIT Warszawa W dniu 19 sierpnia 2025 r. w Warszawie odby\u0142o si\u0119 posiedzenie Sekcji M\u0142odych Bran\u017cy Motoryzacyjnej ZZIT. Podczas spotkania om\u00f3wiono aktualne wyzwania stoj\u0105ce przed m\u0142odymi in\u017cynierami i technikami, w tym kwestie rozwoju kompetencji w obszarze &hellip; <a href=\"https:\/\/zzit.org.pl\/okregi\/wielkopolskolubuski\/galeria\/2025-2\/19-08-2025-sekcja-mlodych-zzit-warszawa\/\">Czytaj dalej <span class=\"meta-nav\">&rarr;<\/span><\/a><\/p>\n","protected":false},"author":9,"featured_media":0,"parent":4234,"menu_order":0,"comment_status":"closed","ping_status":"closed","template":"","meta":{"footnotes":""},"class_list":["post-4571","page","type-page","status-publish","hentry"],"_links":{"self":[{"href":"https:\/\/zzit.org.pl\/okregi\/wielkopolskolubuski\/wp-json\/wp\/v2\/pages\/4571","targetHints":{"allow":["GET"]}}],"collection":[{"href":"https:\/\/zzit.org.pl\/okregi\/wielkopolskolubuski\/wp-json\/wp\/v2\/pages"}],"about":[{"href":"https:\/\/zzit.org.pl\/okregi\/wielkopolskolubuski\/wp-json\/wp\/v2\/types\/page"}],"author":[{"embeddable":true,"href":"https:\/\/zzit.org.pl\/okregi\/wielkopolskolubuski\/wp-json\/wp\/v2\/users\/9"}],"replies":[{"embeddable":true,"href":"https:\/\/zzit.org.pl\/okregi\/wielkopolskolubuski\/wp-json\/wp\/v2\/comments?post=4571"}],"version-history":[{"count":2,"href":"https:\/\/zzit.org.pl\/okregi\/wielkopolskolubuski\/wp-json\/wp\/v2\/pages\/4571\/revisions"}],"predecessor-version":[{"id":4573,"href":"https:\/\/zzit.org.pl\/okregi\/wielkopolskolubuski\/wp-json\/wp\/v2\/pages\/4571\/revisions\/4573"}],"up":[{"embeddable":true,"href":"https:\/\/zzit.org.pl\/okregi\/wielkopolskolubuski\/wp-json\/wp\/v2\/pages\/4234"}],"wp:attachment":[{"href":"https:\/\/zzit.org.pl\/okregi\/wielkopolskolubuski\/wp-json\/wp\/v2\/media?parent=4571"}],"curies":[{"name":"wp","href":"https:\/\/api.w.org\/{rel}","templated":true}]}}