{"id":4554,"date":"2025-12-02T12:32:35","date_gmt":"2025-12-02T12:32:35","guid":{"rendered":"https:\/\/zzit.org.pl\/okregi\/wielkopolskolubuski\/?page_id=4554"},"modified":"2025-12-02T12:32:35","modified_gmt":"2025-12-02T12:32:35","slug":"21-listopada-2025-gorzow-wielkopolski","status":"publish","type":"page","link":"https:\/\/zzit.org.pl\/okregi\/wielkopolskolubuski\/galeria\/2025-2\/21-listopada-2025-gorzow-wielkopolski\/","title":{"rendered":"21 listopada 2025 &#8211; Gorz\u00f3w Wielkopolski\u00a0"},"content":{"rendered":"<p style=\"text-align: center\"><strong>21 listopada 2025 &#8211; Gorz\u00f3w Wielkopolski\u00a0<\/strong><\/p>\n<p style=\"text-align: center\">Spotkanie Przewodnicz\u0105cego Okr\u0119gu Wielkopolsko-Lubuskiego<\/p>\n<p>Ireneusza Pierzchota z przedstawicielami organizacji w wojew\u00f3dztwie lubuskim.<\/p>\n<p style=\"text-align: center\"><em><strong> DOMO\u00a0 &#8211; Marlena Rutkowska\u00a0<\/strong><\/em><\/p>\n<p style=\"text-align: center\"><em><strong>Miejski Zak\u0142ad Komunikacji &#8211; Adam Kowalkowski<\/strong><\/em><\/p>\n<p style=\"text-align: center\"><strong>SE Bordnetze Polska Sp.z o.o. &#8211; \u0141ukasz Sto\u015b<\/strong><\/p>\n<p style=\"text-align: center\"><strong>PGE EC S.A. Oddzia\u0142 Elektrociep\u0142ownia Gorz\u00f3w Wlkp &#8211;\u00a0 Ireneusz Rosicki<\/strong><\/p>\n<p><a href=\"https:\/\/zzit.org.pl\/okregi\/wielkopolskolubuski\/wp-content\/uploads\/sites\/11\/2025\/12\/IMG-20251121-WA0009.jpg\"><img loading=\"lazy\" decoding=\"async\" class=\"alignnone size-large wp-image-4552\" src=\"https:\/\/zzit.org.pl\/okregi\/wielkopolskolubuski\/wp-content\/uploads\/sites\/11\/2025\/12\/IMG-20251121-WA0009-768x1024.jpg\" alt=\"\" width=\"584\" height=\"779\" srcset=\"https:\/\/zzit.org.pl\/okregi\/wielkopolskolubuski\/wp-content\/uploads\/sites\/11\/2025\/12\/IMG-20251121-WA0009-768x1024.jpg 768w, https:\/\/zzit.org.pl\/okregi\/wielkopolskolubuski\/wp-content\/uploads\/sites\/11\/2025\/12\/IMG-20251121-WA0009-225x300.jpg 225w, https:\/\/zzit.org.pl\/okregi\/wielkopolskolubuski\/wp-content\/uploads\/sites\/11\/2025\/12\/IMG-20251121-WA0009-1152x1536.jpg 1152w, https:\/\/zzit.org.pl\/okregi\/wielkopolskolubuski\/wp-content\/uploads\/sites\/11\/2025\/12\/IMG-20251121-WA0009.jpg 1500w\" sizes=\"auto, (max-width: 584px) 100vw, 584px\" \/><\/a><\/p>\n<p style=\"text-align: center\">Podczas spotkania poruszone zosta\u0142y kwestie realizacji programu na 2025\u00a0 \u00a0 \u00a0 \u00a0 \u00a0 \u00a0 \u00a0 \u00a0 \u00a0oraz problemy w zak\u0142adach pracy<\/p>\n","protected":false},"excerpt":{"rendered":"<p>21 listopada 2025 &#8211; Gorz\u00f3w Wielkopolski\u00a0 Spotkanie Przewodnicz\u0105cego Okr\u0119gu Wielkopolsko-Lubuskiego Ireneusza Pierzchota z przedstawicielami organizacji w wojew\u00f3dztwie lubuskim. DOMO\u00a0 &#8211; Marlena Rutkowska\u00a0 Miejski Zak\u0142ad Komunikacji &#8211; Adam Kowalkowski SE Bordnetze Polska Sp.z o.o. &#8211; \u0141ukasz Sto\u015b PGE EC S.A. Oddzia\u0142 &hellip; <a href=\"https:\/\/zzit.org.pl\/okregi\/wielkopolskolubuski\/galeria\/2025-2\/21-listopada-2025-gorzow-wielkopolski\/\">Czytaj dalej <span class=\"meta-nav\">&rarr;<\/span><\/a><\/p>\n","protected":false},"author":9,"featured_media":0,"parent":4234,"menu_order":0,"comment_status":"closed","ping_status":"closed","template":"","meta":{"footnotes":""},"class_list":["post-4554","page","type-page","status-publish","hentry"],"_links":{"self":[{"href":"https:\/\/zzit.org.pl\/okregi\/wielkopolskolubuski\/wp-json\/wp\/v2\/pages\/4554","targetHints":{"allow":["GET"]}}],"collection":[{"href":"https:\/\/zzit.org.pl\/okregi\/wielkopolskolubuski\/wp-json\/wp\/v2\/pages"}],"about":[{"href":"https:\/\/zzit.org.pl\/okregi\/wielkopolskolubuski\/wp-json\/wp\/v2\/types\/page"}],"author":[{"embeddable":true,"href":"https:\/\/zzit.org.pl\/okregi\/wielkopolskolubuski\/wp-json\/wp\/v2\/users\/9"}],"replies":[{"embeddable":true,"href":"https:\/\/zzit.org.pl\/okregi\/wielkopolskolubuski\/wp-json\/wp\/v2\/comments?post=4554"}],"version-history":[{"count":1,"href":"https:\/\/zzit.org.pl\/okregi\/wielkopolskolubuski\/wp-json\/wp\/v2\/pages\/4554\/revisions"}],"predecessor-version":[{"id":4555,"href":"https:\/\/zzit.org.pl\/okregi\/wielkopolskolubuski\/wp-json\/wp\/v2\/pages\/4554\/revisions\/4555"}],"up":[{"embeddable":true,"href":"https:\/\/zzit.org.pl\/okregi\/wielkopolskolubuski\/wp-json\/wp\/v2\/pages\/4234"}],"wp:attachment":[{"href":"https:\/\/zzit.org.pl\/okregi\/wielkopolskolubuski\/wp-json\/wp\/v2\/media?parent=4554"}],"curies":[{"name":"wp","href":"https:\/\/api.w.org\/{rel}","templated":true}]}}