{"id":4548,"date":"2025-12-02T12:19:14","date_gmt":"2025-12-02T12:19:14","guid":{"rendered":"https:\/\/zzit.org.pl\/okregi\/wielkopolskolubuski\/?page_id=4548"},"modified":"2025-12-02T12:20:32","modified_gmt":"2025-12-02T12:20:32","slug":"4548-2","status":"publish","type":"page","link":"https:\/\/zzit.org.pl\/okregi\/wielkopolskolubuski\/galeria\/2025-2\/4548-2\/","title":{"rendered":"14 listopada 2025 Spotkanie cz\u0142onk\u00f3w Sekcji Przemys\u0142u Obronnego i Lotniczego z Zarz\u0105dem PGZ."},"content":{"rendered":"<p style=\"text-align: center\"><em><strong>14 listopada 2025 Spotkanie cz\u0142onk\u00f3w Sekcji Przemys\u0142u Obronnego i Lotniczego z Zarz\u0105dem PGZ.<\/strong><\/em><\/p>\n<p style=\"text-align: center\"><a href=\"https:\/\/zzit.org.pl\/okregi\/wielkopolskolubuski\/wp-content\/uploads\/sites\/11\/2025\/12\/20251114_100643.jpg\"><img loading=\"lazy\" decoding=\"async\" class=\"alignnone size-large wp-image-4546\" src=\"https:\/\/zzit.org.pl\/okregi\/wielkopolskolubuski\/wp-content\/uploads\/sites\/11\/2025\/12\/20251114_100643-1024x473.jpg\" alt=\"\" width=\"584\" height=\"270\" srcset=\"https:\/\/zzit.org.pl\/okregi\/wielkopolskolubuski\/wp-content\/uploads\/sites\/11\/2025\/12\/20251114_100643-1024x473.jpg 1024w, https:\/\/zzit.org.pl\/okregi\/wielkopolskolubuski\/wp-content\/uploads\/sites\/11\/2025\/12\/20251114_100643-300x139.jpg 300w, https:\/\/zzit.org.pl\/okregi\/wielkopolskolubuski\/wp-content\/uploads\/sites\/11\/2025\/12\/20251114_100643-768x355.jpg 768w, https:\/\/zzit.org.pl\/okregi\/wielkopolskolubuski\/wp-content\/uploads\/sites\/11\/2025\/12\/20251114_100643-1536x709.jpg 1536w, https:\/\/zzit.org.pl\/okregi\/wielkopolskolubuski\/wp-content\/uploads\/sites\/11\/2025\/12\/20251114_100643-500x231.jpg 500w, https:\/\/zzit.org.pl\/okregi\/wielkopolskolubuski\/wp-content\/uploads\/sites\/11\/2025\/12\/20251114_100643.jpg 2040w\" sizes=\"auto, (max-width: 584px) 100vw, 584px\" \/><\/a> <a href=\"https:\/\/zzit.org.pl\/okregi\/wielkopolskolubuski\/wp-content\/uploads\/sites\/11\/2025\/12\/20251114_095822.jpg\"><img loading=\"lazy\" decoding=\"async\" class=\"alignnone size-large wp-image-4545\" src=\"https:\/\/zzit.org.pl\/okregi\/wielkopolskolubuski\/wp-content\/uploads\/sites\/11\/2025\/12\/20251114_095822-1024x473.jpg\" alt=\"\" width=\"584\" height=\"270\" srcset=\"https:\/\/zzit.org.pl\/okregi\/wielkopolskolubuski\/wp-content\/uploads\/sites\/11\/2025\/12\/20251114_095822-1024x473.jpg 1024w, https:\/\/zzit.org.pl\/okregi\/wielkopolskolubuski\/wp-content\/uploads\/sites\/11\/2025\/12\/20251114_095822-300x139.jpg 300w, https:\/\/zzit.org.pl\/okregi\/wielkopolskolubuski\/wp-content\/uploads\/sites\/11\/2025\/12\/20251114_095822-768x355.jpg 768w, https:\/\/zzit.org.pl\/okregi\/wielkopolskolubuski\/wp-content\/uploads\/sites\/11\/2025\/12\/20251114_095822-1536x709.jpg 1536w, https:\/\/zzit.org.pl\/okregi\/wielkopolskolubuski\/wp-content\/uploads\/sites\/11\/2025\/12\/20251114_095822-500x231.jpg 500w, https:\/\/zzit.org.pl\/okregi\/wielkopolskolubuski\/wp-content\/uploads\/sites\/11\/2025\/12\/20251114_095822.jpg 2040w\" sizes=\"auto, (max-width: 584px) 100vw, 584px\" \/><\/a><em>P<\/em>odczas spotkania poruszono kwestie integracji sp\u00f3\u0142ek w\u0142\u0105czonych do grupy z PGZ, rola w przemy\u015ble i systemie bezpiecze\u0144stwa, porfolio zam\u00f3wie\u0144 oraz konsolidacja sp\u00f3\u0142ek znajduj\u0105cych si\u0119 w trudnej sytuacji finansowej<\/p>\n","protected":false},"excerpt":{"rendered":"<p>14 listopada 2025 Spotkanie cz\u0142onk\u00f3w Sekcji Przemys\u0142u Obronnego i Lotniczego z Zarz\u0105dem PGZ. Podczas spotkania poruszono kwestie integracji sp\u00f3\u0142ek w\u0142\u0105czonych do grupy z PGZ, rola w przemy\u015ble i systemie bezpiecze\u0144stwa, porfolio zam\u00f3wie\u0144 oraz konsolidacja sp\u00f3\u0142ek znajduj\u0105cych si\u0119 w trudnej sytuacji &hellip; <a href=\"https:\/\/zzit.org.pl\/okregi\/wielkopolskolubuski\/galeria\/2025-2\/4548-2\/\">Czytaj dalej <span class=\"meta-nav\">&rarr;<\/span><\/a><\/p>\n","protected":false},"author":9,"featured_media":0,"parent":4234,"menu_order":0,"comment_status":"closed","ping_status":"closed","template":"","meta":{"footnotes":""},"class_list":["post-4548","page","type-page","status-publish","hentry"],"_links":{"self":[{"href":"https:\/\/zzit.org.pl\/okregi\/wielkopolskolubuski\/wp-json\/wp\/v2\/pages\/4548","targetHints":{"allow":["GET"]}}],"collection":[{"href":"https:\/\/zzit.org.pl\/okregi\/wielkopolskolubuski\/wp-json\/wp\/v2\/pages"}],"about":[{"href":"https:\/\/zzit.org.pl\/okregi\/wielkopolskolubuski\/wp-json\/wp\/v2\/types\/page"}],"author":[{"embeddable":true,"href":"https:\/\/zzit.org.pl\/okregi\/wielkopolskolubuski\/wp-json\/wp\/v2\/users\/9"}],"replies":[{"embeddable":true,"href":"https:\/\/zzit.org.pl\/okregi\/wielkopolskolubuski\/wp-json\/wp\/v2\/comments?post=4548"}],"version-history":[{"count":3,"href":"https:\/\/zzit.org.pl\/okregi\/wielkopolskolubuski\/wp-json\/wp\/v2\/pages\/4548\/revisions"}],"predecessor-version":[{"id":4550,"href":"https:\/\/zzit.org.pl\/okregi\/wielkopolskolubuski\/wp-json\/wp\/v2\/pages\/4548\/revisions\/4550"}],"up":[{"embeddable":true,"href":"https:\/\/zzit.org.pl\/okregi\/wielkopolskolubuski\/wp-json\/wp\/v2\/pages\/4234"}],"wp:attachment":[{"href":"https:\/\/zzit.org.pl\/okregi\/wielkopolskolubuski\/wp-json\/wp\/v2\/media?parent=4548"}],"curies":[{"name":"wp","href":"https:\/\/api.w.org\/{rel}","templated":true}]}}