{"id":4425,"date":"2025-10-08T06:57:10","date_gmt":"2025-10-08T06:57:10","guid":{"rendered":"https:\/\/zzit.org.pl\/okregi\/wielkopolskolubuski\/?page_id=4425"},"modified":"2025-10-08T06:57:43","modified_gmt":"2025-10-08T06:57:43","slug":"spotkanie-krajowej-sekcji-przemyslu-motoryzacyjnego-zzit","status":"publish","type":"page","link":"https:\/\/zzit.org.pl\/okregi\/wielkopolskolubuski\/galeria\/2025-2\/spotkanie-krajowej-sekcji-przemyslu-motoryzacyjnego-zzit\/","title":{"rendered":"Spotkanie Krajowej Sekcji Przemys\u0142u Motoryzacyjnego ZZIT"},"content":{"rendered":"<p style=\"text-align: center\"><strong>Spotkanie Krajowej Sekcji Przemys\u0142u Motoryzacyjnego ZZI<\/strong>T<\/p>\n<p style=\"text-align: center\">W dniu\u00a0 28-08-2025\u00a0 odby\u0142o si\u0119 w siedzibie Zarz\u0105du Krajowego Zwi\u0105zku Zawodowego In\u017cynier\u00f3w i Technik\u00f3w w Warszawie spotkanie Krajowej Sekcji Przemys\u0142u Motoryzacyjnego ZZIT.<\/p>\n<p style=\"text-align: center\">Na spotkaniu dotychczasowy Przewodnicz\u0105cy Sekcji Ireneusz \u0106wir podsumowa\u0142 ko\u0144cz\u0105c\u0105 sie pi\u0119cioletni\u0105 kadencj\u0119.<br \/>\nNast\u0119pnie przeprowadzono wybory Zarz\u0105du na nast\u0119pn\u0105 kadencj\u0119 na Przewodnicz\u0105cego ponownie wybrany zosta\u0142 Ireneusz \u0106wir<br \/>\ndo Zarz\u0105du wybrani zostali r\u00f3wnie\u017c:<br \/>\nV-ce Przewodnicz\u0105cy Sekretarz &#8211; Rafa\u0142 Zychowicz<br \/>\nV-ce Przewodnicz\u0105cy &#8211; Ireneusz Pierzchot<br \/>\nV-ce Przewodnicz\u0105cy &#8211; Kamil Pliszka<br \/>\nOm\u00f3wiono te\u017c sytuacj\u0119 w zak\u0142adach w bran\u017cy w kt\u00f3rej dzia\u0142amy. Poruszone zosta\u0142y problemy z kt\u00f3rymi borykaj\u0105 si\u0119 Zwi\u0105zkowcy. Zaplanowano dalsze dzia\u0142ania sekcji.<\/p>\n<p style=\"text-align: center\"><a href=\"https:\/\/zzit.org.pl\/okregi\/wielkopolskolubuski\/wp-content\/uploads\/sites\/11\/2025\/10\/Przechwytywanie.jpg\"><img loading=\"lazy\" decoding=\"async\" class=\"alignnone size-large wp-image-4423\" src=\"https:\/\/zzit.org.pl\/okregi\/wielkopolskolubuski\/wp-content\/uploads\/sites\/11\/2025\/10\/Przechwytywanie-1024x472.jpg\" alt=\"\" width=\"584\" height=\"269\" srcset=\"https:\/\/zzit.org.pl\/okregi\/wielkopolskolubuski\/wp-content\/uploads\/sites\/11\/2025\/10\/Przechwytywanie-1024x472.jpg 1024w, https:\/\/zzit.org.pl\/okregi\/wielkopolskolubuski\/wp-content\/uploads\/sites\/11\/2025\/10\/Przechwytywanie-300x138.jpg 300w, https:\/\/zzit.org.pl\/okregi\/wielkopolskolubuski\/wp-content\/uploads\/sites\/11\/2025\/10\/Przechwytywanie-768x354.jpg 768w, https:\/\/zzit.org.pl\/okregi\/wielkopolskolubuski\/wp-content\/uploads\/sites\/11\/2025\/10\/Przechwytywanie-500x230.jpg 500w, https:\/\/zzit.org.pl\/okregi\/wielkopolskolubuski\/wp-content\/uploads\/sites\/11\/2025\/10\/Przechwytywanie.jpg 1536w\" sizes=\"auto, (max-width: 584px) 100vw, 584px\" \/><\/a> <a href=\"https:\/\/zzit.org.pl\/okregi\/wielkopolskolubuski\/wp-content\/uploads\/sites\/11\/2025\/10\/2.jpg\"><img loading=\"lazy\" decoding=\"async\" class=\"alignnone size-large wp-image-4422\" src=\"https:\/\/zzit.org.pl\/okregi\/wielkopolskolubuski\/wp-content\/uploads\/sites\/11\/2025\/10\/2-1024x485.jpg\" alt=\"\" width=\"584\" height=\"277\" srcset=\"https:\/\/zzit.org.pl\/okregi\/wielkopolskolubuski\/wp-content\/uploads\/sites\/11\/2025\/10\/2-1024x485.jpg 1024w, https:\/\/zzit.org.pl\/okregi\/wielkopolskolubuski\/wp-content\/uploads\/sites\/11\/2025\/10\/2-300x142.jpg 300w, https:\/\/zzit.org.pl\/okregi\/wielkopolskolubuski\/wp-content\/uploads\/sites\/11\/2025\/10\/2-768x364.jpg 768w, https:\/\/zzit.org.pl\/okregi\/wielkopolskolubuski\/wp-content\/uploads\/sites\/11\/2025\/10\/2-1536x727.jpg 1536w, https:\/\/zzit.org.pl\/okregi\/wielkopolskolubuski\/wp-content\/uploads\/sites\/11\/2025\/10\/2-500x237.jpg 500w, https:\/\/zzit.org.pl\/okregi\/wielkopolskolubuski\/wp-content\/uploads\/sites\/11\/2025\/10\/2.jpg 1755w\" sizes=\"auto, (max-width: 584px) 100vw, 584px\" \/><\/a><\/p>\n","protected":false},"excerpt":{"rendered":"<p>Spotkanie Krajowej Sekcji Przemys\u0142u Motoryzacyjnego ZZIT W dniu\u00a0 28-08-2025\u00a0 odby\u0142o si\u0119 w siedzibie Zarz\u0105du Krajowego Zwi\u0105zku Zawodowego In\u017cynier\u00f3w i Technik\u00f3w w Warszawie spotkanie Krajowej Sekcji Przemys\u0142u Motoryzacyjnego ZZIT. Na spotkaniu dotychczasowy Przewodnicz\u0105cy Sekcji Ireneusz \u0106wir podsumowa\u0142 ko\u0144cz\u0105c\u0105 sie pi\u0119cioletni\u0105 kadencj\u0119. &hellip; <a href=\"https:\/\/zzit.org.pl\/okregi\/wielkopolskolubuski\/galeria\/2025-2\/spotkanie-krajowej-sekcji-przemyslu-motoryzacyjnego-zzit\/\">Czytaj dalej <span class=\"meta-nav\">&rarr;<\/span><\/a><\/p>\n","protected":false},"author":9,"featured_media":0,"parent":4234,"menu_order":0,"comment_status":"closed","ping_status":"closed","template":"","meta":{"footnotes":""},"class_list":["post-4425","page","type-page","status-publish","hentry"],"_links":{"self":[{"href":"https:\/\/zzit.org.pl\/okregi\/wielkopolskolubuski\/wp-json\/wp\/v2\/pages\/4425","targetHints":{"allow":["GET"]}}],"collection":[{"href":"https:\/\/zzit.org.pl\/okregi\/wielkopolskolubuski\/wp-json\/wp\/v2\/pages"}],"about":[{"href":"https:\/\/zzit.org.pl\/okregi\/wielkopolskolubuski\/wp-json\/wp\/v2\/types\/page"}],"author":[{"embeddable":true,"href":"https:\/\/zzit.org.pl\/okregi\/wielkopolskolubuski\/wp-json\/wp\/v2\/users\/9"}],"replies":[{"embeddable":true,"href":"https:\/\/zzit.org.pl\/okregi\/wielkopolskolubuski\/wp-json\/wp\/v2\/comments?post=4425"}],"version-history":[{"count":3,"href":"https:\/\/zzit.org.pl\/okregi\/wielkopolskolubuski\/wp-json\/wp\/v2\/pages\/4425\/revisions"}],"predecessor-version":[{"id":4428,"href":"https:\/\/zzit.org.pl\/okregi\/wielkopolskolubuski\/wp-json\/wp\/v2\/pages\/4425\/revisions\/4428"}],"up":[{"embeddable":true,"href":"https:\/\/zzit.org.pl\/okregi\/wielkopolskolubuski\/wp-json\/wp\/v2\/pages\/4234"}],"wp:attachment":[{"href":"https:\/\/zzit.org.pl\/okregi\/wielkopolskolubuski\/wp-json\/wp\/v2\/media?parent=4425"}],"curies":[{"name":"wp","href":"https:\/\/api.w.org\/{rel}","templated":true}]}}