{"id":3765,"date":"2023-12-11T08:43:38","date_gmt":"2023-12-11T08:43:38","guid":{"rendered":"https:\/\/zzit.org.pl\/okregi\/wielkopolskolubuski\/?page_id=3765"},"modified":"2023-12-11T08:44:23","modified_gmt":"2023-12-11T08:44:23","slug":"zarzad-krajowy-zzit-warszawa-1-2-grudnia-2023","status":"publish","type":"page","link":"https:\/\/zzit.org.pl\/okregi\/wielkopolskolubuski\/galeria\/2023-2\/zarzad-krajowy-zzit-warszawa-1-2-grudnia-2023\/","title":{"rendered":"Zarz\u0105d Krajowy ZZIT &#8211; Warszawa 1-2 grudnia 2023"},"content":{"rendered":"<p style=\"text-align: center\"><em><strong>Zarz\u0105d Krajowy ZZIT &#8211; Warszawa<\/strong><\/em><\/p>\n<p style=\"text-align: center\">W dniach 1-2 grudnia 2023r. w Warszawie odby\u0142y si\u0119 obrady Zarz\u0105du Krajowego ZZIT. Obrady rozpocz\u0119to od uczenia minut\u0105 ciszy dw\u00f3ch zmar\u0142ych w tym roku zas\u0142u\u017conych cz\u0142onk\u00f3w ZZIT. Nast\u0119pnie przedstawiono nowych cz\u0142onk\u00f3w Zarz\u0105du Krajowego. Przewodnicz\u0105cy z Okr\u0119g\u00f3w przedstawili sprawozdania z dzia\u0142alno\u015bci kierowanych przez nich Okr\u0119g\u00f3w w roku 2023, m.in. Ilo\u015b\u0107 zebra\u0144 Zarz\u0105d\u00f3w, liczebno\u015bci, bie\u017c\u0105cych problem\u00f3w, wsp\u00f3\u0142pracy z lokalnymi w\u0142adzami OPZZ, wsp\u00f3\u0142pracy mi\u0119dzy Okr\u0119gami. Przedyskutowano r\u00f3wnie\u017c plan pracy Prezydium Zarzadu Krajowego i Zarz\u0105du Krajowego ZZIT w 2024 roku.<br \/>\nPrzedstawiono projekt preliminarza bud\u017cetowego na 2024 rok. Om\u00f3wiono aktywno\u015b\u0107 sekcji bran\u017cowych. Podj\u0119to kilka Uchwa\u0142. Przedstawiono status organizacji Jubileuszowego Krajowego Zjazdu Delegat\u00f3w w 2024r. Komisja odznacze\u0144 rozpatrzy\u0142a wnioski i przyzna\u0142a odznaczenia honorowe<\/p>\n<p>&nbsp;<\/p>\n<p><a href=\"https:\/\/zzit.org.pl\/okregi\/wielkopolskolubuski\/wp-content\/uploads\/sites\/11\/2023\/12\/received_7268292566538018.jpeg\"><img loading=\"lazy\" decoding=\"async\" class=\"alignnone size-large wp-image-3760\" src=\"https:\/\/zzit.org.pl\/okregi\/wielkopolskolubuski\/wp-content\/uploads\/sites\/11\/2023\/12\/received_7268292566538018-1024x768.jpeg\" alt=\"\" width=\"584\" height=\"438\" srcset=\"https:\/\/zzit.org.pl\/okregi\/wielkopolskolubuski\/wp-content\/uploads\/sites\/11\/2023\/12\/received_7268292566538018-1024x768.jpeg 1024w, https:\/\/zzit.org.pl\/okregi\/wielkopolskolubuski\/wp-content\/uploads\/sites\/11\/2023\/12\/received_7268292566538018-300x225.jpeg 300w, https:\/\/zzit.org.pl\/okregi\/wielkopolskolubuski\/wp-content\/uploads\/sites\/11\/2023\/12\/received_7268292566538018-768x576.jpeg 768w, https:\/\/zzit.org.pl\/okregi\/wielkopolskolubuski\/wp-content\/uploads\/sites\/11\/2023\/12\/received_7268292566538018-1536x1152.jpeg 1536w, https:\/\/zzit.org.pl\/okregi\/wielkopolskolubuski\/wp-content\/uploads\/sites\/11\/2023\/12\/received_7268292566538018-400x300.jpeg 400w, https:\/\/zzit.org.pl\/okregi\/wielkopolskolubuski\/wp-content\/uploads\/sites\/11\/2023\/12\/received_7268292566538018.jpeg 2048w\" sizes=\"auto, (max-width: 584px) 100vw, 584px\" \/><\/a> <a href=\"https:\/\/zzit.org.pl\/okregi\/wielkopolskolubuski\/wp-content\/uploads\/sites\/11\/2023\/12\/received_358401913445308.jpeg\"><img loading=\"lazy\" decoding=\"async\" class=\"alignnone size-large wp-image-3761\" src=\"https:\/\/zzit.org.pl\/okregi\/wielkopolskolubuski\/wp-content\/uploads\/sites\/11\/2023\/12\/received_358401913445308-1024x768.jpeg\" alt=\"\" width=\"584\" height=\"438\" srcset=\"https:\/\/zzit.org.pl\/okregi\/wielkopolskolubuski\/wp-content\/uploads\/sites\/11\/2023\/12\/received_358401913445308-1024x768.jpeg 1024w, https:\/\/zzit.org.pl\/okregi\/wielkopolskolubuski\/wp-content\/uploads\/sites\/11\/2023\/12\/received_358401913445308-300x225.jpeg 300w, https:\/\/zzit.org.pl\/okregi\/wielkopolskolubuski\/wp-content\/uploads\/sites\/11\/2023\/12\/received_358401913445308-768x576.jpeg 768w, https:\/\/zzit.org.pl\/okregi\/wielkopolskolubuski\/wp-content\/uploads\/sites\/11\/2023\/12\/received_358401913445308-1536x1152.jpeg 1536w, https:\/\/zzit.org.pl\/okregi\/wielkopolskolubuski\/wp-content\/uploads\/sites\/11\/2023\/12\/received_358401913445308-400x300.jpeg 400w, https:\/\/zzit.org.pl\/okregi\/wielkopolskolubuski\/wp-content\/uploads\/sites\/11\/2023\/12\/received_358401913445308.jpeg 1734w\" sizes=\"auto, (max-width: 584px) 100vw, 584px\" \/><\/a> <a href=\"https:\/\/zzit.org.pl\/okregi\/wielkopolskolubuski\/wp-content\/uploads\/sites\/11\/2023\/12\/received_1067129794413925.jpeg\"><img loading=\"lazy\" decoding=\"async\" class=\"alignnone size-large wp-image-3762\" src=\"https:\/\/zzit.org.pl\/okregi\/wielkopolskolubuski\/wp-content\/uploads\/sites\/11\/2023\/12\/received_1067129794413925-1024x768.jpeg\" alt=\"\" width=\"584\" height=\"438\" srcset=\"https:\/\/zzit.org.pl\/okregi\/wielkopolskolubuski\/wp-content\/uploads\/sites\/11\/2023\/12\/received_1067129794413925-1024x768.jpeg 1024w, https:\/\/zzit.org.pl\/okregi\/wielkopolskolubuski\/wp-content\/uploads\/sites\/11\/2023\/12\/received_1067129794413925-300x225.jpeg 300w, https:\/\/zzit.org.pl\/okregi\/wielkopolskolubuski\/wp-content\/uploads\/sites\/11\/2023\/12\/received_1067129794413925-768x576.jpeg 768w, https:\/\/zzit.org.pl\/okregi\/wielkopolskolubuski\/wp-content\/uploads\/sites\/11\/2023\/12\/received_1067129794413925-1536x1152.jpeg 1536w, https:\/\/zzit.org.pl\/okregi\/wielkopolskolubuski\/wp-content\/uploads\/sites\/11\/2023\/12\/received_1067129794413925-400x300.jpeg 400w, https:\/\/zzit.org.pl\/okregi\/wielkopolskolubuski\/wp-content\/uploads\/sites\/11\/2023\/12\/received_1067129794413925.jpeg 1734w\" sizes=\"auto, (max-width: 584px) 100vw, 584px\" \/><\/a> <a href=\"https:\/\/zzit.org.pl\/okregi\/wielkopolskolubuski\/wp-content\/uploads\/sites\/11\/2023\/12\/received_342981411766219.jpeg\"><img loading=\"lazy\" decoding=\"async\" class=\"alignnone size-large wp-image-3763\" src=\"https:\/\/zzit.org.pl\/okregi\/wielkopolskolubuski\/wp-content\/uploads\/sites\/11\/2023\/12\/received_342981411766219-1024x768.jpeg\" alt=\"\" width=\"584\" height=\"438\" srcset=\"https:\/\/zzit.org.pl\/okregi\/wielkopolskolubuski\/wp-content\/uploads\/sites\/11\/2023\/12\/received_342981411766219-1024x768.jpeg 1024w, https:\/\/zzit.org.pl\/okregi\/wielkopolskolubuski\/wp-content\/uploads\/sites\/11\/2023\/12\/received_342981411766219-300x225.jpeg 300w, https:\/\/zzit.org.pl\/okregi\/wielkopolskolubuski\/wp-content\/uploads\/sites\/11\/2023\/12\/received_342981411766219-768x576.jpeg 768w, https:\/\/zzit.org.pl\/okregi\/wielkopolskolubuski\/wp-content\/uploads\/sites\/11\/2023\/12\/received_342981411766219-1536x1152.jpeg 1536w, https:\/\/zzit.org.pl\/okregi\/wielkopolskolubuski\/wp-content\/uploads\/sites\/11\/2023\/12\/received_342981411766219-400x300.jpeg 400w, https:\/\/zzit.org.pl\/okregi\/wielkopolskolubuski\/wp-content\/uploads\/sites\/11\/2023\/12\/received_342981411766219.jpeg 2000w\" sizes=\"auto, (max-width: 584px) 100vw, 584px\" \/><\/a><\/p>\n","protected":false},"excerpt":{"rendered":"<p>Zarz\u0105d Krajowy ZZIT &#8211; Warszawa W dniach 1-2 grudnia 2023r. w Warszawie odby\u0142y si\u0119 obrady Zarz\u0105du Krajowego ZZIT. Obrady rozpocz\u0119to od uczenia minut\u0105 ciszy dw\u00f3ch zmar\u0142ych w tym roku zas\u0142u\u017conych cz\u0142onk\u00f3w ZZIT. Nast\u0119pnie przedstawiono nowych cz\u0142onk\u00f3w Zarz\u0105du Krajowego. Przewodnicz\u0105cy z &hellip; <a href=\"https:\/\/zzit.org.pl\/okregi\/wielkopolskolubuski\/galeria\/2023-2\/zarzad-krajowy-zzit-warszawa-1-2-grudnia-2023\/\">Czytaj dalej <span class=\"meta-nav\">&rarr;<\/span><\/a><\/p>\n","protected":false},"author":9,"featured_media":0,"parent":3515,"menu_order":0,"comment_status":"closed","ping_status":"closed","template":"","meta":{"footnotes":""},"class_list":["post-3765","page","type-page","status-publish","hentry"],"_links":{"self":[{"href":"https:\/\/zzit.org.pl\/okregi\/wielkopolskolubuski\/wp-json\/wp\/v2\/pages\/3765","targetHints":{"allow":["GET"]}}],"collection":[{"href":"https:\/\/zzit.org.pl\/okregi\/wielkopolskolubuski\/wp-json\/wp\/v2\/pages"}],"about":[{"href":"https:\/\/zzit.org.pl\/okregi\/wielkopolskolubuski\/wp-json\/wp\/v2\/types\/page"}],"author":[{"embeddable":true,"href":"https:\/\/zzit.org.pl\/okregi\/wielkopolskolubuski\/wp-json\/wp\/v2\/users\/9"}],"replies":[{"embeddable":true,"href":"https:\/\/zzit.org.pl\/okregi\/wielkopolskolubuski\/wp-json\/wp\/v2\/comments?post=3765"}],"version-history":[{"count":2,"href":"https:\/\/zzit.org.pl\/okregi\/wielkopolskolubuski\/wp-json\/wp\/v2\/pages\/3765\/revisions"}],"predecessor-version":[{"id":3767,"href":"https:\/\/zzit.org.pl\/okregi\/wielkopolskolubuski\/wp-json\/wp\/v2\/pages\/3765\/revisions\/3767"}],"up":[{"embeddable":true,"href":"https:\/\/zzit.org.pl\/okregi\/wielkopolskolubuski\/wp-json\/wp\/v2\/pages\/3515"}],"wp:attachment":[{"href":"https:\/\/zzit.org.pl\/okregi\/wielkopolskolubuski\/wp-json\/wp\/v2\/media?parent=3765"}],"curies":[{"name":"wp","href":"https:\/\/api.w.org\/{rel}","templated":true}]}}