{"id":3221,"date":"2022-03-18T09:46:51","date_gmt":"2022-03-18T09:46:51","guid":{"rendered":"http:\/\/zzit.org.pl\/okregi\/wielkopolskolubuski\/?page_id=3221"},"modified":"2025-07-15T09:23:07","modified_gmt":"2025-07-15T09:23:07","slug":"organizacje","status":"publish","type":"page","link":"https:\/\/zzit.org.pl\/okregi\/wielkopolskolubuski\/organizacje\/","title":{"rendered":"Organizacje -Ok\u0119gu"},"content":{"rendered":"<p style=\"text-align: center\">\u00a0 \u00a0 <em><strong>ZESTAWIENIE ORGANIZACJI OKR\u0118GU WIELKOPOLSKO &#8211; LUBUSKIEGO &#8211;\u00a0 \u00a0stan kwiecie\u0144 2024<\/strong><\/em><\/p>\n<hr \/>\n<ol>\n<li style=\"text-align: center\">\u00a0ZOZ\u00a0 \u00a0 \u00a0 \u00a0 \u00a0 \u00a0 \u00a0 \u00a0 \u00a0 \u00a0 \u00a0 \u00a0 \u00a0 \u00a0 \u00a0 \u00a0 \u00a0 \u00a0 \u00a0 \u00a0 \u00a0 \u00a0 \u00a0 <strong>NORDZUCKER POLSKA S.A.\u00a0 64-330\u00a0 \u00a0 \u00a0 \u00a0 \u00a0 \u00a0 \u00a0 \u00a0 \u00a0 \u00a0 \u00a0 \u00a0 \u00a0 \u00a0 \u00a0 \u00a0 \u00a0 \u00a0 \u00a0 <\/strong>Opalenica, ul.5 Stycznia 54<\/li>\n<\/ol>\n<p><strong>Krzysztof Kasperczak<\/strong><\/p>\n<p><a href=\"mailto:Krzysztof.kasperczak@nordzucker.com\">Krzysztof.kasperczak@nordzucker.com<\/a><\/p>\n<p>Tel: 602\u00a0734 995<\/p>\n<hr \/>\n<p>2. ZOZ\u00a0 19.12.1989\u00a0 \u00a05\/89<strong>\u00a0 \u00a0 \u00a0 \u00a0 \u00a0 \u00a0 \u00a0 \u00a0 \u00a0 \u00a0 \u00a0 \u00a0\u00a0 Kuenz Polska<\/strong><\/p>\n<p>62-100 S\u0142upca, ul.Pozna\u0144ska 41<\/p>\n<p><em><strong>Kamil Pilarczyk<\/strong><\/em>\u00a0 \u00a0tel. 721064402\u00a0 \u00a0 \u00a0 \u00a0 \u00a0 zzitkuenz@gmail.com<\/p>\n<hr \/>\n<p>3. ZOZ\u00a0 \u00a013.03.1990\u00a0 8\/90\u00a0 \u00a0 \u00a0 \u00a0 \u00a0 \u00a0 \u00a0 \u00a0<strong>\u00a0 \u00a0LOB S.A.\u00a0<\/strong><\/p>\n<p>62-100 Leszno, ul.Magazynowa 4<\/p>\n<p><em><strong>Adam Wojciechowski\u00a0\u00a0<\/strong><\/em><em>tel.660050747\u00a0 &#8211;\u00a0 655250700\u00a0 \u00a0A.Wojciechowski@lob.pl<\/em><\/p>\n<hr \/>\n<p>4. MOZ\u00a0 23.06.1998\u00a0 19\/94\u00a0 \u00a0 \u00a0 \u00a0 \u00a0 \u00a0 \u00a0<em><strong>\u00a0VEOLIA ENERGIA POZNA\u0143 S.A.<\/strong><\/em><\/p>\n<p>61-016 Pozna\u0144, ul. Energetyczna\u00a0 3<\/p>\n<p><em><strong>Adam Grzezierski\u00a0 \u00a0<\/strong><\/em>tel. 667626216\u00a0\u00a0<em> adam.grzezierski@veolia.com<\/em><\/p>\n<hr \/>\n<p>5.\u00a0 MOZ\u00a0 04.05.1995\u00a0 20\/95\u00a0 \u00a0 \u00a0 \u00a0 \u00a0 \u00a0 \u00a0 \u00a0 \u00a0 <strong>\u00a0 MAHLE Behr Ostr\u00f3w Wlkp<\/strong><\/p>\n<p>63-400 Ostr\u00f3w Wlkp, ul. Wodna 15<\/p>\n<p><em><strong>Ireneusz Pierzchot\u00a0 \u00a0 <\/strong><\/em>tel.608297690\u00a0 \u00a0ireneusz.pierzchot@onet.pl<\/p>\n<hr \/>\n<p>6. MOZ\u00a0 10.03.1995\u00a0 21\/95\u00a0 \u00a0 \u00a0 \u00a0 \u00a0 \u00a0 \u00a0 \u00a0 \u00a0 \u00a0 <em><strong>H.CEGIELSKI &#8211; POZNA\u0143 S.A.<\/strong><\/em><\/p>\n<p>61-485 Pozna\u0144, ul. 28 Czerwca 1956r 223\/229<\/p>\n<p><em><strong>Agnieszka B\u0105k\u00a0 \u00a0<\/strong><\/em>tel.504539953<\/p>\n<p>zzit@hcp.eu\u00a0 \u00a0 agnieszka-bak@hotmail.com\u00a0 \u00a0 \u00a0 \u00a0zzit@hcp.eu<\/p>\n<hr \/>\n<p>7.\u00a0 ZOZ\u00a0 23.11.1995\u00a0 \u00a022\/95\u00a0 \u00a0 \u00a0 \u00a0 \u00a0 \u00a0 \u00a0 \u00a0 \u00a0 \u00a0 \u00a0 <em><strong>EXALO DRILLING SA \u00a0<\/strong><\/em><\/p>\n<p><em>\u00a0 \u00a0 \u00a0 \u00a0 \u00a0 \u00a0 \u00a0 \u00a0 \u00a0 \u00a0 \u00a0 \u00a0 \u00a0 \u00a0 \u00a0 \u00a0 \u00a0 \u00a0 \u00a0 \u00a0 \u00a0 \u00a0 \u00a0 \u00a0 \u00a0 \u00a0 \u00a0 \u00a0 \u00a0 \u00a064-920 Pi\u0142a, ul.Plac Staszica 9 <\/em><\/p>\n<p><strong><em>\u00a0<\/em>Wioletta Jarek\u00a0<\/strong>\u00a0 \u00a0 tel.785995197<\/p>\n<p>wjarek68@gmail.com\u00a0 wioletta.jarek@exalo.pl<\/p>\n<hr \/>\n<p>8.\u00a0 MOZ 05.06.1996\u00a0 28\/96\u00a0 \u00a0 \u00a0<em><strong>Polskie Sieci Elektroenergetyczne Zach\u00f3d Sp. z o.o.<\/strong><\/em><\/p>\n<p>60-354 Pozna\u0144, ul. Marceli\u0144ska 71<\/p>\n<p><strong>Mariusz \u015amidowicz<\/strong>\u00a0 \u00a0tel.603115374<\/p>\n<p>mariusz.smidowicz@gmaik.com<\/p>\n<hr \/>\n<p>9.ZOZ\u00a0 06.04.1998\u00a0 31\/98<\/p>\n<p>ROW-L 31\/98\u00a0 \u00a0 \u00a0 \u00a0 \u00a0 \u00a0 \u00a0 \u00a0 \u00a0<strong>\u00a0 ZOZ\u00a0 ZZIT\u00a0 przy\u00a0 WSK Pozna\u0144 Sp.z.o.o<\/strong><\/p>\n<p>Ul. Unii Lubelskiej 3\u00a0 \u00a061-249\u00a0 Pozna\u0144<\/p>\n<p><strong>Jakub \u017bychli\u0144ski<\/strong><\/p>\n<p>tel.\u00a0 607574426,\u00a0 \u00a0 \u00a0 \u00a0zychlinski@wp.pl<\/p>\n<p><em><strong>\u00a0<\/strong><\/em><\/p>\n<hr \/>\n<p>10.MOZ 30.01.1990\u00a0 34\/90\u00a0 \u00a0 \u00a0 \u00a0 \u00a0 \u00a0 \u00a0 \u00a0 \u00a0 \u00a0 \u00a0 <em><strong>\u00a0 \u00a0 \u00a0 \u00a0 \u00a0 \u00a0 \u00a0 \u00a0 \u00a0 Domo<\/strong><\/em><\/p>\n<p>66-400 Gorz\u00f3w Wlkp, ul. Walczaka 25<\/p>\n<p><em><strong>Marlena Rutkowska\u00a0<\/strong><\/em> tel.786 064 626<\/p>\n<p><strong>marlenaj.rutkowska@gmail.com<\/strong><\/p>\n<hr \/>\n<p>11.ZOZ 02.06.1995 38\/95\u00a0 \u00a0 \u00a0 \u00a0 \u00a0 \u00a0 \u00a0 \u00a0 \u00a0 \u00a0 \u00a0 \u00a0 \u00a0 \u00a0 \u00a0 \u00a0 <em><strong>Miejski Zak\u0142ad Komunikacji<\/strong><\/em><\/p>\n<p>66-400 Gorz\u00f3w Wlkp, ul. Kostrzy\u0144ska 46<\/p>\n<p><em><strong>Adam Kowalkowski<\/strong><\/em>\u00a0 tel.609516343<\/p>\n<p>a.kowalkowski@mzk-gorzow.com.pl<\/p>\n<hr \/>\n<p>12. ZOZ 01.06.2005\u00a0 47\/05\u00a0 \u00a0 \u00a0 \u00a0 \u00a0 \u00a0 \u00a0 \u00a0 \u00a0 \u00a0 \u00a0 \u00a0 \u00a0 \u00a0 \u00a0 \u00a0 \u00a0 \u00a0 <em><strong>PGO S.A.<\/strong><\/em><\/p>\n<p><strong>Odlewnia \u017beliwa Oddzia\u0142 w \u015aremie<\/strong><\/p>\n<p>63-100 \u015arem\u00a0 ul. Staszica 1<\/p>\n<p><em><strong>Janusz St\u0119pniak<\/strong>\u00a0 \u00a0 <\/em>tel.507045543<\/p>\n<p>stepniakj2@interia.pl<\/p>\n<hr \/>\n<p>13. ZOZ\u00a0 \u00a0 \u00a0 \u00a0 \u00a0 \u00a0 \u00a0 \u00a0 \u00a0 \u00a0 \u00a0 \u00a0 \u00a0 \u00a0 \u00a0 \u00a0 \u00a0 \u00a0 \u00a0 \u00a0 \u00a0 \u00a0 \u00a0 \u00a0 \u00a0 \u00a0 \u00a0 \u00a0 \u00a0 \u00a0 \u00a0 \u00a0 \u00a0 \u00a0 \u00a0 \u00a0 \u00a0<em><strong>ORANGE<\/strong><\/em><\/p>\n<p>20-093 Lublin, ul. Witolda Chod\u017aki 10<\/p>\n<p><strong>Ma\u0142gorzata Targalska<\/strong>\u00a0 \u00a0tel.506188 082\u00a0 \u00a0 malgorzata.targalska@orange.com<\/p>\n<hr \/>\n<p>14.ZOZ\u00a0 24.02.2017\u00a0 48\/17\u00a0 \u00a0 \u00a0 \u00a0 \u00a0 \u00a0 \u00a0 \u00a0 \u00a0 \u00a0 \u00a0 \u00a0 \u00a0<em><strong>SE Bordnetze Polska Sp.z o.o.<\/strong><\/em><\/p>\n<p><strong>\u0141ukasz Sto\u015b<\/strong><\/p>\n<p>66-400 Gorz\u00f3w Wlkp., ul.Walczaka 25<\/p>\n<p>tel. 693734440<\/p>\n<p>lukasz.stos@sebn.com<\/p>\n<p>&nbsp;<\/p>\n<hr \/>\n<p>15.ZOZ\u00a0 07.09.2018 49\/18\u00a0 \u00a0 \u00a0 \u00a0 \u00a0 \u00a0 \u00a0 \u00a0 \u00a0 \u00a0 \u00a0 \u00a0 \u00a0 \u00a0 \u00a0 \u00a0 \u00a0 \u00a0 \u00a0 \u00a0<em><strong>PGE EC S.A.\u00a0 \u00a0 \u00a0 \u00a0 \u00a0 \u00a0 \u00a0 \u00a0 \u00a0 \u00a0 \u00a0 \u00a0 \u00a0 \u00a0 \u00a0 \u00a0 \u00a0 \u00a0 \u00a0 \u00a0 \u00a0 \u00a0 \u00a0 \u00a0 \u00a0 \u00a0 \u00a0 \u00a0 \u00a0 \u00a0 \u00a0 \u00a0 \u00a0 \u00a0 \u00a0 \u00a0 \u00a0 \u00a0 \u00a0 \u00a0 \u00a0 \u00a0 \u00a0 Oddzia\u0142 Elektrociep\u0142ownia w Gorzowie Wielkopolskim<\/strong><\/em><\/p>\n<p>66-400 Gorz\u00f3w Wielkopolski ul.Energetyk\u00f3w 6<\/p>\n<p><em><strong>Ireneusz\u00a0 Rosicki\u00a0\u00a0<\/strong><\/em> tel.601998675<\/p>\n<p>ireneusz.rosicki@gkpge.pl<\/p>\n<hr \/>\n<p>16. ZOZ 07.09.2018 49\/18\u00a0 \u00a0 \u00a0 \u00a0 \u00a0 \u00a0 \u00a0 \u00a0 \u00a0 \u00a0 \u00a0 \u00a0 \u00a0 \u00a0 \u00a0<strong><em>Zarz\u0105d Dr\u00f3g Miejskich<\/em><\/strong><\/p>\n<p>Pozna\u0144 ul. Wilczka 17<\/p>\n<p><em><strong>Andrzej Jakubowski\u00a0<\/strong><\/em>tel. 609002556<\/p>\n<p>andrzej.robert.jakubowski@gmail.com<\/p>\n<hr \/>\n<p>&nbsp;<\/p>\n","protected":false},"excerpt":{"rendered":"<p>\u00a0 \u00a0 ZESTAWIENIE ORGANIZACJI OKR\u0118GU WIELKOPOLSKO &#8211; LUBUSKIEGO &#8211;\u00a0 \u00a0stan kwiecie\u0144 2024 \u00a0ZOZ\u00a0 \u00a0 \u00a0 \u00a0 \u00a0 \u00a0 \u00a0 \u00a0 \u00a0 \u00a0 \u00a0 \u00a0 \u00a0 \u00a0 \u00a0 \u00a0 \u00a0 \u00a0 \u00a0 \u00a0 \u00a0 \u00a0 \u00a0 NORDZUCKER POLSKA S.A.\u00a0 64-330\u00a0 \u00a0 &hellip; <a href=\"https:\/\/zzit.org.pl\/okregi\/wielkopolskolubuski\/organizacje\/\">Czytaj dalej <span class=\"meta-nav\">&rarr;<\/span><\/a><\/p>\n","protected":false},"author":9,"featured_media":0,"parent":0,"menu_order":0,"comment_status":"closed","ping_status":"closed","template":"","meta":{"footnotes":""},"class_list":["post-3221","page","type-page","status-publish","hentry"],"_links":{"self":[{"href":"https:\/\/zzit.org.pl\/okregi\/wielkopolskolubuski\/wp-json\/wp\/v2\/pages\/3221","targetHints":{"allow":["GET"]}}],"collection":[{"href":"https:\/\/zzit.org.pl\/okregi\/wielkopolskolubuski\/wp-json\/wp\/v2\/pages"}],"about":[{"href":"https:\/\/zzit.org.pl\/okregi\/wielkopolskolubuski\/wp-json\/wp\/v2\/types\/page"}],"author":[{"embeddable":true,"href":"https:\/\/zzit.org.pl\/okregi\/wielkopolskolubuski\/wp-json\/wp\/v2\/users\/9"}],"replies":[{"embeddable":true,"href":"https:\/\/zzit.org.pl\/okregi\/wielkopolskolubuski\/wp-json\/wp\/v2\/comments?post=3221"}],"version-history":[{"count":28,"href":"https:\/\/zzit.org.pl\/okregi\/wielkopolskolubuski\/wp-json\/wp\/v2\/pages\/3221\/revisions"}],"predecessor-version":[{"id":4413,"href":"https:\/\/zzit.org.pl\/okregi\/wielkopolskolubuski\/wp-json\/wp\/v2\/pages\/3221\/revisions\/4413"}],"wp:attachment":[{"href":"https:\/\/zzit.org.pl\/okregi\/wielkopolskolubuski\/wp-json\/wp\/v2\/media?parent=3221"}],"curies":[{"name":"wp","href":"https:\/\/api.w.org\/{rel}","templated":true}]}}