{"id":19,"date":"2014-04-18T17:01:07","date_gmt":"2014-04-18T17:01:07","guid":{"rendered":"http:\/\/zzit.org.pl\/okregi\/poludniowowschodni\/?page_id=19"},"modified":"2023-09-14T09:22:17","modified_gmt":"2023-09-14T09:22:17","slug":"kontakt","status":"publish","type":"page","link":"https:\/\/zzit.org.pl\/okregi\/poludniowowschodni\/kontakt\/","title":{"rendered":"Kontakt"},"content":{"rendered":"<p>Zarz\u0105d Okr\u0119gu Po\u0142udniowo-Wschodniego<br \/>\nZwi\u0105zku Zawodowego In\u017cynier\u00f3w i Technik\u00f3w<\/p>\n<p>ul. E. Kwiatkowskiego 1<\/p>\n<p>37-450 Stalowa Wola<\/p>\n<p>tel. 601 490 255<\/p>\n<p>e-mail: <strong>janusz.hyjek@zzit.home.pl<\/strong><\/p>\n<hr \/>\n<p>NIP 867-16-53-650<\/p>\n<p>Konto bankowe (BNP Paribas):<\/p>\n<p><strong>14 2030 0045 1110 0000 0426 6010<\/strong><\/p>\n","protected":false},"excerpt":{"rendered":"<p>Zarz\u0105d Okr\u0119gu Po\u0142udniowo-Wschodniego Zwi\u0105zku Zawodowego In\u017cynier\u00f3w i Technik\u00f3w ul. E. Kwiatkowskiego 1 37-450 Stalowa Wola tel. 601 490 255 e-mail: janusz.hyjek@zzit.home.pl NIP 867-16-53-650 Konto bankowe (BNP Paribas): 14 2030 0045 1110 0000 0426 6010<\/p>\n","protected":false},"author":1,"featured_media":0,"parent":0,"menu_order":6,"comment_status":"closed","ping_status":"closed","template":"sidebar-page.php","meta":{"footnotes":""},"class_list":["post-19","page","type-page","status-publish","hentry"],"_links":{"self":[{"href":"https:\/\/zzit.org.pl\/okregi\/poludniowowschodni\/wp-json\/wp\/v2\/pages\/19","targetHints":{"allow":["GET"]}}],"collection":[{"href":"https:\/\/zzit.org.pl\/okregi\/poludniowowschodni\/wp-json\/wp\/v2\/pages"}],"about":[{"href":"https:\/\/zzit.org.pl\/okregi\/poludniowowschodni\/wp-json\/wp\/v2\/types\/page"}],"author":[{"embeddable":true,"href":"https:\/\/zzit.org.pl\/okregi\/poludniowowschodni\/wp-json\/wp\/v2\/users\/1"}],"replies":[{"embeddable":true,"href":"https:\/\/zzit.org.pl\/okregi\/poludniowowschodni\/wp-json\/wp\/v2\/comments?post=19"}],"version-history":[{"count":7,"href":"https:\/\/zzit.org.pl\/okregi\/poludniowowschodni\/wp-json\/wp\/v2\/pages\/19\/revisions"}],"predecessor-version":[{"id":101,"href":"https:\/\/zzit.org.pl\/okregi\/poludniowowschodni\/wp-json\/wp\/v2\/pages\/19\/revisions\/101"}],"wp:attachment":[{"href":"https:\/\/zzit.org.pl\/okregi\/poludniowowschodni\/wp-json\/wp\/v2\/media?parent=19"}],"curies":[{"name":"wp","href":"https:\/\/api.w.org\/{rel}","templated":true}]}}