{"id":15,"date":"2014-04-18T17:00:43","date_gmt":"2014-04-18T17:00:43","guid":{"rendered":"http:\/\/zzit.org.pl\/okregi\/poludniowowschodni\/?page_id=15"},"modified":"2025-12-09T19:57:19","modified_gmt":"2025-12-09T19:57:19","slug":"konferencje","status":"publish","type":"page","link":"https:\/\/zzit.org.pl\/okregi\/poludniowowschodni\/konferencje\/","title":{"rendered":"Konferencje"},"content":{"rendered":"<p><span style=\"color: #003300\"><strong>Konferencje Okr\u0119gu Po\u0142udniowo-Wschodniego ZZIT<\/strong><\/span><\/p>\n<table border=\"1\" cellspacing=\"10\" cellpadding=\"14\">\n<tbody>\n<tr>\n<td style=\"text-align: right\" width=\"121\"><\/td>\n<td width=\"369\"><\/td>\n<\/tr>\n<tr>\n<td style=\"text-align: right\" width=\"121\">17\u00f718.10.2025<\/td>\n<td width=\"369\">Krynica-Zdr\u00f3j<\/td>\n<\/tr>\n<tr>\n<td style=\"text-align: right\" width=\"121\">07\u00f708.03.2025<\/td>\n<td width=\"369\">Przemy\u015bl<\/td>\n<\/tr>\n<tr>\n<td style=\"text-align: right\" width=\"121\">18\u00f719.09.2024<\/td>\n<td width=\"369\">Stalowa Wola<\/td>\n<\/tr>\n<tr>\n<td style=\"text-align: right\" width=\"121\">25\u00f726.04.2024<\/td>\n<td width=\"369\">Wola Ociecka<\/td>\n<\/tr>\n<tr>\n<td style=\"text-align: right\" width=\"121\">06\u00f707.10.2023<\/td>\n<td width=\"369\">Wysoczany<\/td>\n<\/tr>\n<tr>\n<td style=\"text-align: right\" width=\"121\">14\u00f715.04.2023<\/td>\n<td width=\"369\">Mielec<\/td>\n<\/tr>\n<tr>\n<td style=\"text-align: right\" width=\"121\">14\u00f715.10.2022<\/td>\n<td width=\"369\">Wola Ociecka<\/td>\n<\/tr>\n<tr>\n<td style=\"text-align: right\" width=\"121\">20\u00f721.05.2022<\/td>\n<td width=\"369\">Sanok<\/td>\n<\/tr>\n<tr>\n<td style=\"text-align: right\" width=\"121\"><strong>24\u00f725.09.2021<\/strong><\/td>\n<td width=\"369\"><strong>Bukowiec (VII Konferencja Sprawozdawczo-Wyborcza)<\/strong><\/td>\n<\/tr>\n<tr>\n<td style=\"text-align: right\" width=\"121\">08\u00f709.11.2019<\/td>\n<td width=\"369\">Krosno<\/td>\n<\/tr>\n<tr>\n<td style=\"text-align: right\" width=\"121\">24\u00f725.05.2019<\/td>\n<td width=\"369\">Wysoczany<\/td>\n<\/tr>\n<tr>\n<td style=\"text-align: right\" width=\"121\">05\u00f706.10.2018<\/td>\n<td width=\"369\">Bukowiec<\/td>\n<\/tr>\n<tr>\n<td style=\"text-align: right\" width=\"121\">13\u00f724.04.2018<\/td>\n<td width=\"369\">\u0141a\u0144cut<\/td>\n<\/tr>\n<tr>\n<td style=\"text-align: right\" width=\"121\">17\u00f718.11.2017<\/td>\n<td width=\"369\">Stalowa Wola<\/td>\n<\/tr>\n<tr>\n<td style=\"text-align: right\" width=\"121\">28\u00f729.04.2017<\/td>\n<td width=\"369\">Suchedni\u00f3w<\/td>\n<\/tr>\n<tr>\n<td style=\"text-align: right\" width=\"121\"><strong>16\u00f718.09.2016<\/strong><\/td>\n<td width=\"369\"><strong>Bukowiec\u00a0(VI Konferencja Sprawozdawczo-Wyborcza)<\/strong><\/td>\n<\/tr>\n<tr>\n<td style=\"text-align: right\" width=\"121\">15\u00f716.05.2016<\/td>\n<td width=\"369\">Stalowa Wola<\/td>\n<\/tr>\n<tr>\n<td style=\"text-align: right\" width=\"121\">06\u00f707.11.2015<\/td>\n<td width=\"369\">Sanok<\/td>\n<\/tr>\n<tr>\n<td style=\"text-align: right\" width=\"121\">15\u00f717.05.2015<\/td>\n<td width=\"369\">Stasz\u00f3w (Golej\u00f3w)<\/td>\n<\/tr>\n<tr>\n<td style=\"text-align: right\" width=\"121\">10\u00f711.10.2014<\/td>\n<td width=\"369\">Bukowiec k. Pola\u0144czyka<\/td>\n<\/tr>\n<tr>\n<td style=\"text-align: right\" width=\"121\">30-31.05.2014<\/td>\n<td width=\"369\">Krempna<\/td>\n<\/tr>\n<tr>\n<td style=\"text-align: right\" width=\"121\">21-22.03.2014<\/td>\n<td width=\"369\">Sanok<\/td>\n<\/tr>\n<tr>\n<td style=\"text-align: right\" width=\"121\">04.12.2013<\/td>\n<td width=\"369\">Sanok (Prezydium ZO)<\/td>\n<\/tr>\n<tr>\n<td style=\"text-align: right\" width=\"121\">27-28.09.2013<\/td>\n<td width=\"369\">Sandomierz<\/td>\n<\/tr>\n<tr>\n<td style=\"text-align: right\" width=\"121\">10-11.05.2013<\/td>\n<td width=\"369\">Kamianna<\/td>\n<\/tr>\n<tr>\n<td style=\"text-align: right\" width=\"121\">19.10.2012<\/td>\n<td width=\"369\">Stalowa Wola<\/td>\n<\/tr>\n<tr>\n<td style=\"text-align: right\" width=\"121\">30-31.03.2012<\/td>\n<td width=\"369\">Iwonicz (Wybory Delegat\u00f3w na Krajowy Zjazd ZZIT)<\/td>\n<\/tr>\n<tr>\n<td style=\"text-align: right\" width=\"121\">17-18.11.2011<\/td>\n<td width=\"369\">\u0141a\u0144cut<\/td>\n<\/tr>\n<tr>\n<td style=\"text-align: right\" width=\"121\"><strong>27-28.05.2011<\/strong><\/td>\n<td width=\"369\"><strong>Rajskie (V Konferencja Sprawozdawczo-Wyborcza)<\/strong><\/td>\n<\/tr>\n<tr>\n<td style=\"text-align: right\" width=\"121\">05-06.11.2010<\/td>\n<td width=\"369\">Rudna Ma\u0142a<\/td>\n<\/tr>\n<tr>\n<td style=\"text-align: right\" width=\"121\">07-09.05.2010<\/td>\n<td width=\"369\">Bukowiec k. Pola\u0144czyka<\/td>\n<\/tr>\n<tr>\n<td style=\"text-align: right\" width=\"121\">18-19.09.2009<\/td>\n<td width=\"369\">Czarna<\/td>\n<\/tr>\n<tr>\n<td style=\"text-align: right\" width=\"121\">12-13.09.2008<\/td>\n<td width=\"369\">Pola\u0144czyk<\/td>\n<\/tr>\n<tr>\n<td style=\"text-align: right\" width=\"121\">02.06.2008<\/td>\n<td width=\"369\">Stalowa Wola<\/td>\n<\/tr>\n<tr>\n<td style=\"text-align: right\" width=\"121\">18.01.2008<\/td>\n<td width=\"369\">Krosno<\/td>\n<\/tr>\n<tr>\n<td style=\"text-align: right\" width=\"121\">05-06.10.2007<\/td>\n<td width=\"369\">Sanok<\/td>\n<\/tr>\n<tr>\n<td style=\"text-align: right\" width=\"121\">10-11.09.2007<\/td>\n<td width=\"369\">Boguchwa\u0142a (Prezydium ZO)<\/td>\n<\/tr>\n<tr>\n<td style=\"text-align: right\" width=\"121\">02.03.2007<\/td>\n<td width=\"369\">Strasz\u0119cin<\/td>\n<\/tr>\n<tr>\n<td style=\"text-align: right\" width=\"121\">06.10.2006<\/td>\n<td width=\"369\">Boguchwa\u0142a<\/td>\n<\/tr>\n<tr>\n<td style=\"text-align: right\" width=\"121\"><strong>12-14.05.2006<\/strong><\/td>\n<td width=\"369\"><strong>Lesko (IV Konferencja Sprawozdawczo-Wyborcza)<\/strong><\/td>\n<\/tr>\n<tr>\n<td style=\"text-align: right\" width=\"121\">10.03.2006<\/td>\n<td width=\"369\">Stalowa Wola<\/td>\n<\/tr>\n<tr>\n<td style=\"text-align: right\" width=\"121\">30.09-1.10.2005<\/td>\n<td width=\"369\">Bukowiec k. Pola\u0144czyka<\/td>\n<\/tr>\n<tr>\n<td style=\"text-align: right\" width=\"121\">13-15.05.2005<\/td>\n<td width=\"369\">Cisna<\/td>\n<\/tr>\n<tr>\n<td style=\"text-align: right\" width=\"121\">10.11.2004<\/td>\n<td width=\"369\">Stalowa Wola<\/td>\n<\/tr>\n<tr>\n<td style=\"text-align: right\" width=\"121\">03-04.09.2004<\/td>\n<td width=\"369\">Lesko<\/td>\n<\/tr>\n<tr>\n<td style=\"text-align: right\" width=\"121\">26.09.2003<\/td>\n<td width=\"369\">Strasz\u0119cin k. D\u0119bicy<\/td>\n<\/tr>\n<tr>\n<td style=\"text-align: right\" width=\"121\">16.05.2003<\/td>\n<td width=\"369\">Przemy\u015bl<\/td>\n<\/tr>\n<tr>\n<td style=\"text-align: right\" width=\"121\">02.12.2002<\/td>\n<td width=\"369\">Stalowa Wola<\/td>\n<\/tr>\n<tr>\n<td style=\"text-align: right\" width=\"121\">13.09.2002<\/td>\n<td width=\"369\">Boguchwa\u0142a k. Rzeszowa<\/td>\n<\/tr>\n<tr>\n<td style=\"text-align: right\" width=\"121\">22.03.2002<\/td>\n<td width=\"369\">Sanok<\/td>\n<\/tr>\n<tr>\n<td style=\"text-align: right\" width=\"121\">07.12.2001<\/td>\n<td width=\"369\">\u0141a\u0144cut<\/td>\n<\/tr>\n<tr>\n<td style=\"text-align: right\" width=\"121\">30.11.2001<\/td>\n<td width=\"369\">Tarnobrzeg<\/td>\n<\/tr>\n<tr>\n<td style=\"text-align: right\" width=\"121\"><strong>27-28.04.2001<\/strong><\/td>\n<td width=\"369\"><strong>Krynica (III Konferencja Sprawozdawczo-Wyborcza)<\/strong><\/td>\n<\/tr>\n<\/tbody>\n<\/table>\n","protected":false},"excerpt":{"rendered":"<p>Konferencje Okr\u0119gu Po\u0142udniowo-Wschodniego ZZIT 17\u00f718.10.2025 Krynica-Zdr\u00f3j 07\u00f708.03.2025 Przemy\u015bl 18\u00f719.09.2024 Stalowa Wola 25\u00f726.04.2024 Wola Ociecka 06\u00f707.10.2023 Wysoczany 14\u00f715.04.2023 Mielec 14\u00f715.10.2022 Wola Ociecka 20\u00f721.05.2022 Sanok 24\u00f725.09.2021 Bukowiec (VII Konferencja Sprawozdawczo-Wyborcza) 08\u00f709.11.2019 Krosno 24\u00f725.05.2019 Wysoczany 05\u00f706.10.2018 Bukowiec 13\u00f724.04.2018 \u0141a\u0144cut 17\u00f718.11.2017 Stalowa Wola 28\u00f729.04.2017 &hellip; <a href=\"https:\/\/zzit.org.pl\/okregi\/poludniowowschodni\/konferencje\/\">Czytaj dalej <span class=\"meta-nav\">&rarr;<\/span><\/a><\/p>\n","protected":false},"author":1,"featured_media":0,"parent":0,"menu_order":4,"comment_status":"closed","ping_status":"closed","template":"sidebar-page.php","meta":{"footnotes":""},"class_list":["post-15","page","type-page","status-publish","hentry"],"_links":{"self":[{"href":"https:\/\/zzit.org.pl\/okregi\/poludniowowschodni\/wp-json\/wp\/v2\/pages\/15","targetHints":{"allow":["GET"]}}],"collection":[{"href":"https:\/\/zzit.org.pl\/okregi\/poludniowowschodni\/wp-json\/wp\/v2\/pages"}],"about":[{"href":"https:\/\/zzit.org.pl\/okregi\/poludniowowschodni\/wp-json\/wp\/v2\/types\/page"}],"author":[{"embeddable":true,"href":"https:\/\/zzit.org.pl\/okregi\/poludniowowschodni\/wp-json\/wp\/v2\/users\/1"}],"replies":[{"embeddable":true,"href":"https:\/\/zzit.org.pl\/okregi\/poludniowowschodni\/wp-json\/wp\/v2\/comments?post=15"}],"version-history":[{"count":9,"href":"https:\/\/zzit.org.pl\/okregi\/poludniowowschodni\/wp-json\/wp\/v2\/pages\/15\/revisions"}],"predecessor-version":[{"id":105,"href":"https:\/\/zzit.org.pl\/okregi\/poludniowowschodni\/wp-json\/wp\/v2\/pages\/15\/revisions\/105"}],"wp:attachment":[{"href":"https:\/\/zzit.org.pl\/okregi\/poludniowowschodni\/wp-json\/wp\/v2\/media?parent=15"}],"curies":[{"name":"wp","href":"https:\/\/api.w.org\/{rel}","templated":true}]}}