{"id":18,"date":"2014-04-18T16:55:27","date_gmt":"2014-04-18T16:55:27","guid":{"rendered":"http:\/\/zzit.org.pl\/okregi\/mazowiecki\/?page_id=18"},"modified":"2026-02-24T10:45:37","modified_gmt":"2026-02-24T10:45:37","slug":"kontakt","status":"publish","type":"page","link":"https:\/\/zzit.org.pl\/okregi\/mazowiecki\/kontakt\/","title":{"rendered":"Kontakt"},"content":{"rendered":"<h3>Adres dla korespondencji<\/h3>\n<p><strong>Zarz\u0105d Okr\u0119gu Mazowieckiego ZZIT<\/strong><br \/>\nw <strong>PZL Warszawa Ok\u0119cie<\/strong><\/p>\n<p><strong>Al. Krakowska 110\/114<\/strong><br \/>\n<strong>02-256 Warszawa<\/strong><\/p>\n<p>kom.: <strong>504 190 099<\/strong><br \/>\ne-mail: <a href=\"mailto:adam.chrustowicz@zzit.org.pl\"><strong>adam.chrustowicz@zzit.org.pl<\/strong><\/a>; <strong><a href=\"mailto:adam.chrustowicz@airbus.com\">adam.chrustowicz@airbus.com<\/a><\/strong><\/p>\n","protected":false},"excerpt":{"rendered":"<p>Adres dla korespondencji Zarz\u0105d Okr\u0119gu Mazowieckiego ZZIT w PZL Warszawa Ok\u0119cie Al. Krakowska 110\/114 02-256 Warszawa kom.: 504 190 099 e-mail: adam.chrustowicz@zzit.org.pl; adam.chrustowicz@airbus.com<\/p>\n","protected":false},"author":1,"featured_media":0,"parent":0,"menu_order":6,"comment_status":"closed","ping_status":"closed","template":"","meta":{"footnotes":""},"class_list":["post-18","page","type-page","status-publish"],"_links":{"self":[{"href":"https:\/\/zzit.org.pl\/okregi\/mazowiecki\/wp-json\/wp\/v2\/pages\/18","targetHints":{"allow":["GET"]}}],"collection":[{"href":"https:\/\/zzit.org.pl\/okregi\/mazowiecki\/wp-json\/wp\/v2\/pages"}],"about":[{"href":"https:\/\/zzit.org.pl\/okregi\/mazowiecki\/wp-json\/wp\/v2\/types\/page"}],"author":[{"embeddable":true,"href":"https:\/\/zzit.org.pl\/okregi\/mazowiecki\/wp-json\/wp\/v2\/users\/1"}],"replies":[{"embeddable":true,"href":"https:\/\/zzit.org.pl\/okregi\/mazowiecki\/wp-json\/wp\/v2\/comments?post=18"}],"version-history":[{"count":12,"href":"https:\/\/zzit.org.pl\/okregi\/mazowiecki\/wp-json\/wp\/v2\/pages\/18\/revisions"}],"predecessor-version":[{"id":129,"href":"https:\/\/zzit.org.pl\/okregi\/mazowiecki\/wp-json\/wp\/v2\/pages\/18\/revisions\/129"}],"wp:attachment":[{"href":"https:\/\/zzit.org.pl\/okregi\/mazowiecki\/wp-json\/wp\/v2\/media?parent=18"}],"curies":[{"name":"wp","href":"https:\/\/api.w.org\/{rel}","templated":true}]}}