{"id":8,"date":"2014-04-18T15:44:58","date_gmt":"2014-04-18T13:44:58","guid":{"rendered":"http:\/\/zzit.org.pl\/okregi\/lodzki\/?page_id=8"},"modified":"2025-02-27T08:22:54","modified_gmt":"2025-02-27T07:22:54","slug":"zarzad","status":"publish","type":"page","link":"https:\/\/zzit.org.pl\/okregi\/lodzki\/zarzad\/","title":{"rendered":"Zarz\u0105d"},"content":{"rendered":"<p style=\"text-align: center\"><span style=\"color: #0000ff\"><strong>PREZYDIUM ZARZ\u0104DU OKR\u0118GU \u0141\u00d3DZKIEGO ZZIT<\/strong><\/span><\/p>\r\n\r\n<ul>\r\n \t<li id=\"wp-admin-bar-logout\"><a class=\"ab-item\" href=\"https:\/\/zzit.org.pl\/okregi\/lodzki\/wp-login.php?action=logout&amp;_wpnonce=e2b69223b9\">Wyloguj si\u0119<\/a><\/li>\r\n<\/ul>\r\n<table style=\"height: 615px\" width=\"697\">\r\n<tbody>\r\n<tr>\r\n<td style=\"text-align: center\" width=\"181\"><em><strong>Imi\u0119, Nazwisko<\/strong><\/em><\/td>\r\n<td style=\"text-align: center\" width=\"139\"><em><strong>Funkcja<\/strong><\/em><\/td>\r\n<td style=\"text-align: center\" width=\"372\"><em><strong>Miejsce pracy (zak\u0142ad\/firma)<\/strong><\/em><\/td>\r\n<td style=\"text-align: center\" width=\"162\"><em><strong>Telefon<\/strong><\/em><\/td>\r\n<td style=\"text-align: center\" width=\"105\"><em><strong>Tel. kom.<\/strong><\/em><\/td>\r\n<td style=\"text-align: center\" width=\"221\"><em><strong>e-mail<\/strong><\/em><\/td>\r\n<\/tr>\r\n<tr>\r\n<td width=\"151\">Zdzis\u0142aw Mielczarek<\/td>\r\n<td width=\"139\">Przewodnicz\u0105cy<\/td>\r\n<td width=\"372\">VEOLIA SA; \u0141\u00f3d\u017a<\/td>\r\n<td width=\"162\">42 675 58 43<\/td>\r\n<td width=\"105\">603 966 602<\/td>\r\n<td width=\"221\">zdzislaw.mielczarek@zzit.org.pl<\/td>\r\n<\/tr>\r\n<tr>\r\n<td width=\"151\">Zygmunt Mierzejewski<\/td>\r\n<td width=\"139\">Wiceprzewodnicz\u0105cy<\/td>\r\n<td width=\"372\"><\/td>\r\n<td width=\"162\"><\/td>\r\n<td width=\"105\">730 538 777<\/td>\r\n<td width=\"221\">zygmunt.mierzejewski@zzit.org.pl<\/td>\r\n<\/tr>\r\n<tr>\r\n<td width=\"151\">Ma\u0142gorzata Malik<\/td>\r\n<td width=\"139\">Wiceprzewodnicz\u0105ca<\/td>\r\n<td width=\"372\">Woodeco Wierusz\u00f3w sp. z o.o.<\/td>\r\n<td width=\"162\">62 783 3 351<\/td>\r\n<td width=\"105\">519 508 902<\/td>\r\n<td width=\"221\">malgorzata.malik@woodeco.eu<\/td>\r\n<\/tr>\r\n<tr>\r\n<td width=\"151\">Marta Nowacka<\/td>\r\n<td width=\"139\">Sekretarz<\/td>\r\n<td width=\"372\">VEOLIA SA; \u0141\u00f3d\u017a<\/td>\r\n<td width=\"162\"><\/td>\r\n<td width=\"105\">667 630 288<\/td>\r\n<td width=\"221\"><\/td>\r\n<\/tr>\r\n<tr>\r\n<td width=\"151\">Konrad Kujawski<\/td>\r\n<td width=\"139\">Wiceprzewodnicz\u0105cy<\/td>\r\n<td width=\"372\">VEOLIA S.A. \u0141\u00f3d\u017a<\/td>\r\n<td width=\"162\"><\/td>\r\n<td width=\"105\">601 364 077<\/td>\r\n<td width=\"221\">konrad.kujawski@veolia.com<\/td>\r\n<\/tr>\r\n<tr>\r\n<td width=\"151\">Marek Just<\/td>\r\n<td width=\"139\">Skarbnik<\/td>\r\n<td width=\"372\">VEOLIA S.A. \u0141\u00f3d\u017a<\/td>\r\n<td width=\"162\"><\/td>\r\n<td width=\"105\">667 630 246<\/td>\r\n<td width=\"221\">marek.just25@gmail.com<\/td>\r\n<\/tr>\r\n<\/tbody>\r\n<\/table>\r\n&nbsp;\r\n\r\n<!--more-->\r\n<p style=\"text-align: center\"><span style=\"color: #3366ff\"><strong>POZOSTALI CZ\u0141ONKOWIE ZARZ\u0104DU OKR\u0118GU \u0141\u00d3DZKIEGO<\/strong><\/span><\/p>\r\n\r\n<table style=\"height: 530px\" width=\"583\">\r\n<tbody>\r\n<tr>\r\n<td width=\"181\">Krzysztof Sikorski<\/td>\r\n<td width=\"139\">Cz\u0142onek<\/td>\r\n<td width=\"372\">VEOLIA SA; \u0141\u00f3d\u017a<\/td>\r\n<td width=\"162\"><\/td>\r\n<td width=\"105\">606 272 543<\/td>\r\n<td width=\"221\">krzysztof.sikorski@veolia.com<\/td>\r\n<\/tr>\r\n<tr>\r\n<td width=\"181\">S\u0119k Marek<\/td>\r\n<td width=\"139\">Cz\u0142onek<\/td>\r\n<td width=\"372\">PGE Dystrybucja; \u0141\u00f3d\u017a-Teren<\/td>\r\n<td width=\"162\"><\/td>\r\n<td width=\"105\">691 393 079<\/td>\r\n<td width=\"221\">marek.sek@pgedystrybucja.pl<\/td>\r\n<\/tr>\r\n<tr>\r\n<td width=\"123\">Anita Kucharska<\/td>\r\n<td width=\"113\">Cz\u0142onek<\/td>\r\n<td width=\"180\">PGK Radomsko<\/td>\r\n<td width=\"132\"><\/td>\r\n<td width=\"125\">504 510 044<\/td>\r\n<td width=\"180\"><\/td>\r\n<\/tr>\r\n<tr>\r\n<td width=\"123\">Pawe\u0142 Pawlik<\/td>\r\n<td width=\"113\">Cz\u0142onek<\/td>\r\n<td width=\"180\">ZOZ Eurobox Polska Sp. z o.o.<\/td>\r\n<td width=\"132\"><\/td>\r\n<td width=\"125\">661 335 937<\/td>\r\n<td width=\"180\">pppawlik@wp.pl<\/td>\r\n<\/tr>\r\n<tr>\r\n<td width=\"123\">El\u017cbieta Zawisza<\/td>\r\n<td width=\"113\">Cz\u0142onek<\/td>\r\n<td width=\"180\">Pioma SA<\/td>\r\n<td width=\"132\"><\/td>\r\n<td width=\"125\">696 026 460<\/td>\r\n<td width=\"180\">elzbieta.zawisza@pgosa.pl<\/td>\r\n<\/tr>\r\n<\/tbody>\r\n<\/table>\r\n<p style=\"text-align: center\"><strong style=\"color: #3366ff;text-align: center\">KOMISJA REWIZYJNA<\/strong><\/p>\r\n\r\n<table style=\"height: 324px\" width=\"720\">\r\n<tbody>\r\n<tr>\r\n<td width=\"181\">Imi\u0119 i nazwisko<\/td>\r\n<td width=\"139\">Funkcja<\/td>\r\n<td width=\"372\">Miejsce pracy (zak\u0142ad\/firma)<\/td>\r\n<td width=\"162\">Telefon<\/td>\r\n<td width=\"105\">Tel. kom.<\/td>\r\n<td width=\"221\">e-mail<\/td>\r\n<\/tr>\r\n<tr>\r\n<td width=\"151\">Dorota Papis<\/td>\r\n<td width=\"139\">Przewodnicz\u0105ca<\/td>\r\n<td width=\"162\">VEOLIA SA; \u0141\u00f3d\u017a<\/td>\r\n<td width=\"162\"><\/td>\r\n<td width=\"105\">601 826 724<\/td>\r\n<td width=\"221\">dorota.papis@veolia.com<\/td>\r\n<\/tr>\r\n<tr>\r\n<td width=\"151\">Ewa Bia\u0142ek<\/td>\r\n<td width=\"139\">Sekretarz<\/td>\r\n<td width=\"162\">Woodeco Wierusz\u00f3w sp. z o.o.<\/td>\r\n<td width=\"162\"><\/td>\r\n<td width=\"105\"><\/td>\r\n<td width=\"221\"><\/td>\r\n<\/tr>\r\n<tr>\r\n<td width=\"151\">Roman Leszto<\/td>\r\n<td width=\"139\">Cz\u0142onek<\/td>\r\n<td width=\"162\">VEOLIA SA; \u0141\u00f3d\u017a<\/td>\r\n<td width=\"162\"><\/td>\r\n<td width=\"105\"><\/td>\r\n<td width=\"121\"><\/td>\r\n<\/tr>\r\n<tr>\r\n<td width=\"151\"><\/td>\r\n<td width=\"139\"><\/td>\r\n<td width=\"162\"><\/td>\r\n<td width=\"162\"><\/td>\r\n<td width=\"105\"><\/td>\r\n<td width=\"121\"><\/td>\r\n<\/tr>\r\n<\/tbody>\r\n<\/table>\r\n<!-- \/wp:post-content -->","protected":false},"excerpt":{"rendered":"<p>PREZYDIUM ZARZ\u0104DU OKR\u0118GU \u0141\u00d3DZKIEGO ZZIT Wyloguj si\u0119 Imi\u0119, Nazwisko Funkcja Miejsce pracy (zak\u0142ad\/firma) Telefon Tel. kom. e-mail Zdzis\u0142aw Mielczarek Przewodnicz\u0105cy VEOLIA SA; \u0141\u00f3d\u017a 42 675 58 43 603 966 602 zdzislaw.mielczarek@zzit.org.pl Zygmunt Mierzejewski Wiceprzewodnicz\u0105cy 730 538 777 zygmunt.mierzejewski@zzit.org.pl Ma\u0142gorzata Malik &hellip; <a href=\"https:\/\/zzit.org.pl\/okregi\/lodzki\/zarzad\/\">Czytaj dalej <span class=\"meta-nav\">&rarr;<\/span><\/a><\/p>\n","protected":false},"author":1,"featured_media":0,"parent":0,"menu_order":1,"comment_status":"closed","ping_status":"closed","template":"sidebar-page.php","meta":{"footnotes":""},"class_list":["post-8","page","type-page","status-publish","hentry"],"_links":{"self":[{"href":"https:\/\/zzit.org.pl\/okregi\/lodzki\/wp-json\/wp\/v2\/pages\/8","targetHints":{"allow":["GET"]}}],"collection":[{"href":"https:\/\/zzit.org.pl\/okregi\/lodzki\/wp-json\/wp\/v2\/pages"}],"about":[{"href":"https:\/\/zzit.org.pl\/okregi\/lodzki\/wp-json\/wp\/v2\/types\/page"}],"author":[{"embeddable":true,"href":"https:\/\/zzit.org.pl\/okregi\/lodzki\/wp-json\/wp\/v2\/users\/1"}],"replies":[{"embeddable":true,"href":"https:\/\/zzit.org.pl\/okregi\/lodzki\/wp-json\/wp\/v2\/comments?post=8"}],"version-history":[{"count":39,"href":"https:\/\/zzit.org.pl\/okregi\/lodzki\/wp-json\/wp\/v2\/pages\/8\/revisions"}],"predecessor-version":[{"id":1269,"href":"https:\/\/zzit.org.pl\/okregi\/lodzki\/wp-json\/wp\/v2\/pages\/8\/revisions\/1269"}],"wp:attachment":[{"href":"https:\/\/zzit.org.pl\/okregi\/lodzki\/wp-json\/wp\/v2\/media?parent=8"}],"curies":[{"name":"wp","href":"https:\/\/api.w.org\/{rel}","templated":true}]}}