{"id":748,"date":"2021-03-29T19:53:19","date_gmt":"2021-03-29T17:53:19","guid":{"rendered":"http:\/\/zzit.org.pl\/okregi\/lodzki\/?page_id=748"},"modified":"2022-10-11T10:05:54","modified_gmt":"2022-10-11T08:05:54","slug":"ppp","status":"publish","type":"page","link":"https:\/\/zzit.org.pl\/okregi\/lodzki\/ppp\/","title":{"rendered":"PPP &#8211; Polityka Przemys\u0142owa Polski"},"content":{"rendered":"<p><span style=\"color: #008000\"><strong>11 PA\u0179DZIERNIK, 2022<\/strong><\/span><\/p>\n<p style=\"text-align: center\"><span style=\"color: #0000ff\"><strong>Zaproszenie na DEBAT\u0118 online<\/strong><\/span><\/p>\n<p style=\"text-align: center\"><span style=\"color: #0000ff\"><strong> Co po w\u0119glu? G\u00f3rnicy, sprawiedliwa transformacja i przysz\u0142o\u015b\u0107 region\u00f3w w\u0119glowych. <span style=\"color: #ff0000\"><em>12.10.2022, w godz. 12:00-14:00<\/em><\/span><\/strong><\/span><\/p>\n<p><img loading=\"lazy\" decoding=\"async\" class=\"size-full wp-image-1033 aligncenter\" src=\"https:\/\/zzit.org.pl\/okregi\/lodzki\/wp-content\/uploads\/sites\/3\/2022\/10\/qwe.png\" alt=\"\" width=\"681\" height=\"379\" srcset=\"https:\/\/zzit.org.pl\/okregi\/lodzki\/wp-content\/uploads\/sites\/3\/2022\/10\/qwe.png 681w, https:\/\/zzit.org.pl\/okregi\/lodzki\/wp-content\/uploads\/sites\/3\/2022\/10\/qwe-300x167.png 300w, https:\/\/zzit.org.pl\/okregi\/lodzki\/wp-content\/uploads\/sites\/3\/2022\/10\/qwe-500x278.png 500w\" sizes=\"auto, (max-width: 681px) 100vw, 681px\" \/><\/p>\n<p style=\"text-align: center\"><strong><a href=\"https:\/\/eur06.safelinks.protection.outlook.com\/?url=https%3A%2F%2Fwww.isp.org.pl%2Fpl%2Fwydarzenia%2Fco-po-weglu-gornicy-sprawiedliwa-transformacja-i-przyszlosc-regionow-weglowych%23co-po-weglu-gornicy-sprawiedliwa-transformacja-i-przyszlosc-regionow-weglowych&amp;data=05%7C01%7C%7C43f478ae5b914e63b34c08daab551b77%7Ce63131cf65e84176b2e06bd32b6bc0bd%7C0%7C0%7C638010679276076927%7CUnknown%7CTWFpbGZsb3d8eyJWIjoiMC4wLjAwMDAiLCJQIjoiV2luMzIiLCJBTiI6Ik1haWwiLCJXVCI6Mn0%3D%7C3000%7C%7C%7C&amp;sdata=D0ApswwI64ba%2FqbiRxDGOVQ8rF7jIk%2B8JVYKdzPtN4c%3D&amp;reserved=0\">REJESTRACJA<\/a><\/strong><\/p>\n<p>W ostatnim czasie Instytut Spraw Publicznych przeprowadzi\u0142 badania w\u015br\u00f3d g\u00f3rnik\u00f3w dotycz\u0105ce procesu transformacji na \u015al\u0105sku i w Wielkopolsce. Wi\u0119kszo\u015b\u0107 badanych uwa\u017ca, \u017ce Polska jest nadmiernie\u00a0 uzale\u017cniona od w\u0119gla, a transformacja jest szans\u0105 na unowocze\u015bnienie polskiej gospodarki, ale jednocze\u015bnie \u017cyje w wielkiej niepewno\u015bci\u00a0 i poczuciu niedoinformowania, co do mo\u017cliwo\u015bci przekwalifikowania si\u0119 i przysz\u0142o\u015bci\u00a0 swojego zak\u0142adu pracy.<\/p>\n<p><strong>Jak przeprowadzi\u0107 proces transformacji energetycznej, by skutecznie uwzgl\u0119dni\u0107 w nim potrzeby g\u00f3rnik\u00f3w? <\/strong><\/p>\n<p><strong>Zapraszamy do udzia\u0142u w debacie publicznej<\/strong> po\u015bwi\u0119conej wyzwaniom zwi\u0105zanym z transformacj\u0105. Chcemy odda\u0107 w niej g\u0142os przedstawicielom w\u0142adz krajowych i samorz\u0105dowych zaanga\u017cowanych w proces transformacji oraz g\u00f3rnikom ze \u015al\u0105ska i Wielkopolski.<\/p>\n<p>Debata odb\u0119dzie si\u0119 on-line w dniu <strong>12.10.2022\u00a0 w godz. 12:00-14:00.<\/strong><\/p>\n<p>Sk\u0142ad panelu:<\/p>\n<ol>\n<li><strong>Piotr Pyzik<\/strong>,\u00a0Podsekretarz stanu, Pe\u0142nomocnik Rz\u0105du do spraw transformacji sp\u00f3\u0142ek energetycznych i g\u00f3rnictwa w\u0119glowego, Ministerstwo Aktyw\u00f3w Pa\u0144stwowych<\/li>\n<li><strong>Arkadiusz Siekaniec<\/strong>, Wiceprzewodnicz\u0105cy Zwi\u0105zku Zawodowego G\u00f3rnik\u00f3w w Polsce<\/li>\n<li><strong>Ma\u0142gorzata Sta\u015b<\/strong>, Dyrektor ds. Transformacji Regionu, Urz\u0105d Marsza\u0142kowski Wojew\u00f3dztwa \u015al\u0105skiego<\/li>\n<li><strong>Maciej Sytek<\/strong>, Pe\u0142nomocnik Zarz\u0105du Wojew\u00f3dztwa Wielkopolskiego ds. restrukturyzacji Wielkopolski Wschodniej oraz Prezes Zarz\u0105du Agencji Rozwoju Regionalnego S.A. w Koninie<\/li>\n<li>Przedstawiciel g\u00f3rnik\u00f3w z Wielkopolski<\/li>\n<\/ol>\n<p>Moderacja: <strong>Karolina Lewicka<\/strong>, Radio TOK FM<\/p>\n<p>Panel poprzedzi prezentacja wynik\u00f3w badania <strong><a href=\"https:\/\/eur06.safelinks.protection.outlook.com\/?url=https%3A%2F%2Fwww.isp.org.pl%2Fpl%2Fpublikacje%2Fco-po-weglu-gornicy-o-klimacie-transformacji-i-przyszlosci&amp;data=05%7C01%7C%7C43f478ae5b914e63b34c08daab551b77%7Ce63131cf65e84176b2e06bd32b6bc0bd%7C0%7C0%7C638010679276076927%7CUnknown%7CTWFpbGZsb3d8eyJWIjoiMC4wLjAwMDAiLCJQIjoiV2luMzIiLCJBTiI6Ik1haWwiLCJXVCI6Mn0%3D%7C3000%7C%7C%7C&amp;sdata=S81imysd8Jt%2B2zLD3WcLGTxWEBRl6tsg2llG6OkFxgU%3D&amp;reserved=0\">\u201eCo po w\u0119glu. G\u00f3rnicy o klimacie, transformacji i przysz\u0142o\u015bci\u201d<\/a>\u00a0<\/strong>dr\u00a0<strong>Pauliny Sobiesiak-Penszko<\/strong>\u00a0 z Instytutu Spraw Publicznych.<\/p>\n<p>Prosimy o rejestracj\u0119 za po\u015brednictwem <a href=\"https:\/\/eur06.safelinks.protection.outlook.com\/?url=https%3A%2F%2Fwww.isp.org.pl%2Fpl%2Fwydarzenia%2Fco-po-weglu-gornicy-sprawiedliwa-transformacja-i-przyszlosc-regionow-weglowych%23co-po-weglu-gornicy-sprawiedliwa-transformacja-i-przyszlosc-regionow-weglowych&amp;data=05%7C01%7C%7C43f478ae5b914e63b34c08daab551b77%7Ce63131cf65e84176b2e06bd32b6bc0bd%7C0%7C0%7C638010679276076927%7CUnknown%7CTWFpbGZsb3d8eyJWIjoiMC4wLjAwMDAiLCJQIjoiV2luMzIiLCJBTiI6Ik1haWwiLCJXVCI6Mn0%3D%7C3000%7C%7C%7C&amp;sdata=D0ApswwI64ba%2FqbiRxDGOVQ8rF7jIk%2B8JVYKdzPtN4c%3D&amp;reserved=0\">formularza online<\/a><\/p>\n<p><span style=\"color: #008000\"><strong>29 MARZEC, 2021\u00a0<\/strong><\/span><\/p>\n<p>Z upowa\u017cnienia Przewodnicz\u0105cego OPZZ Andrzeja Radzikowskiego pisma dotycz\u0105ce prac nad Polityk\u0105 Przemys\u0142ow\u0105 Polski.<\/p>\n<p><a href=\"https:\/\/zzit.org.pl\/okregi\/lodzki\/wp-content\/uploads\/sites\/3\/2021\/03\/Biala-Ksiega-Rozwoju-Przemyslu_20210310-1.pdf\">Bia\u0142a-Ksi\u0119ga-Rozwoju-Przemys\u0142u<\/a><\/p>\n<p><a href=\"https:\/\/zzit.org.pl\/okregi\/lodzki\/wp-content\/uploads\/sites\/3\/2021\/03\/POLITYKA_PRZEMYSLOWA_na_www.pdf\">POLITYKA_PRZEMYS\u0141OWA<\/a><\/p>\n<p><a href=\"https:\/\/zzit.org.pl\/okregi\/lodzki\/wp-content\/uploads\/sites\/3\/2021\/03\/Przewodniczacy-i-Przewodniczace-OOZ-pismo.pdf\">Przewodnicz\u0105cy i Przewodnicz\u0105ce OOZ, pismo<\/a><\/p>\n<p>&nbsp;<\/p>\n","protected":false},"excerpt":{"rendered":"<p>11 PA\u0179DZIERNIK, 2022 Zaproszenie na DEBAT\u0118 online Co po w\u0119glu? G\u00f3rnicy, sprawiedliwa transformacja i przysz\u0142o\u015b\u0107 region\u00f3w w\u0119glowych. 12.10.2022, w godz. 12:00-14:00 REJESTRACJA W ostatnim czasie Instytut Spraw Publicznych przeprowadzi\u0142 badania w\u015br\u00f3d g\u00f3rnik\u00f3w dotycz\u0105ce procesu transformacji na \u015al\u0105sku i w Wielkopolsce. &hellip; <a href=\"https:\/\/zzit.org.pl\/okregi\/lodzki\/ppp\/\">Czytaj dalej <span class=\"meta-nav\">&rarr;<\/span><\/a><\/p>\n","protected":false},"author":11,"featured_media":0,"parent":0,"menu_order":0,"comment_status":"closed","ping_status":"closed","template":"","meta":{"footnotes":""},"class_list":["post-748","page","type-page","status-publish","hentry"],"_links":{"self":[{"href":"https:\/\/zzit.org.pl\/okregi\/lodzki\/wp-json\/wp\/v2\/pages\/748","targetHints":{"allow":["GET"]}}],"collection":[{"href":"https:\/\/zzit.org.pl\/okregi\/lodzki\/wp-json\/wp\/v2\/pages"}],"about":[{"href":"https:\/\/zzit.org.pl\/okregi\/lodzki\/wp-json\/wp\/v2\/types\/page"}],"author":[{"embeddable":true,"href":"https:\/\/zzit.org.pl\/okregi\/lodzki\/wp-json\/wp\/v2\/users\/11"}],"replies":[{"embeddable":true,"href":"https:\/\/zzit.org.pl\/okregi\/lodzki\/wp-json\/wp\/v2\/comments?post=748"}],"version-history":[{"count":5,"href":"https:\/\/zzit.org.pl\/okregi\/lodzki\/wp-json\/wp\/v2\/pages\/748\/revisions"}],"predecessor-version":[{"id":1034,"href":"https:\/\/zzit.org.pl\/okregi\/lodzki\/wp-json\/wp\/v2\/pages\/748\/revisions\/1034"}],"wp:attachment":[{"href":"https:\/\/zzit.org.pl\/okregi\/lodzki\/wp-json\/wp\/v2\/media?parent=748"}],"curies":[{"name":"wp","href":"https:\/\/api.w.org\/{rel}","templated":true}]}}