{"id":10,"date":"2014-04-18T15:45:33","date_gmt":"2014-04-18T13:45:33","guid":{"rendered":"http:\/\/zzit.org.pl\/okregi\/lodzki\/?page_id=10"},"modified":"2020-02-26T12:08:26","modified_gmt":"2020-02-26T11:08:26","slug":"historia","status":"publish","type":"page","link":"https:\/\/zzit.org.pl\/okregi\/lodzki\/historia\/","title":{"rendered":"Historia"},"content":{"rendered":"<p><span style=\"color: #0000ff\"><strong>Rys historyczny<\/strong><\/span><\/p>\n<p>Region \u0142\u00f3dzki stanowi\u0142 na prze\u0142omie lat osiemdziesi\u0105tych i dziewi\u0119\u0107dziesi\u0105tych znacz\u0105cy jeszcze okr\u0119g przemys\u0142owy oraz centrum naukowe i badawcze dla przemys\u0142u w\u0142\u00f3kienniczego, maszynowego, papierniczego i elektrotechnicznego. By\u0142 silnym o\u015brodkiem akademickim b\u0119d\u0105cym zapleczem kadrowym dla tych dziedzin gospodarki.<br \/>\nBy\u0142 zawsze terenem do\u015b\u0107 specyficznym w kraju, gdy\u017c w znacznym stopniu zatrudnia\u0142 mieszka\u0144c\u00f3w regionu w du\u017cych wielozak\u0142adowych przedsi\u0119biorstwach. Efektem tego po transformacji ustrojowej oraz wprowadzenia reformy gospodarczej opartej na nie stosowanych do tej pory gospodarce rynkowej i otwarciu si\u0119 na pot\u0119\u017cny import wyrob\u00f3w gotowych z kraj\u00f3w Europy zachodniej i Dalekiego Wschodu, by\u0142a likwidacja wi\u0119kszo\u015bci przedsi\u0119biorstw, szczeg\u00f3lnie przemys\u0142u w\u0142\u00f3kienniczego.<\/p>\n<p>W tych warunkach powstawa\u0142y organizacje zwi\u0105zkowe grupuj\u0105ce kadr\u0119 in\u017cynieryjno techniczn\u0105 szczeg\u00f3lnie w zak\u0142adach, w kt\u00f3rych dostrzegano zagro\u017cenie nie doceniane przez zarz\u0105dc\u00f3w przedsi\u0119biorstw, in\u017cynier\u00f3w i technik\u00f3w pracuj\u0105cych w szczeg\u00f3lnych dla nich warunkach. W tym okresie, w zale\u017cno\u015bci od tego kt\u00f3ra si\u0142a polityczna by\u0142a u steru w\u0142adzy, taki zwi\u0105zek mia\u0142 si\u0142\u0119 przebicia w sprawach pracowniczych. Nie dostrzegano konieczno\u015bci ca\u0142o\u015bciowego spojrzenia na przedsi\u0119biorstwo, jednocze\u015bnie nie liczono si\u0119 z realiami gospodarki rynkowej.<\/p>\n<p>W regionie nast\u0105pi\u0142 rozw\u00f3j g\u0142\u00f3wnie firm handlowych, oferuj\u0105cych ca\u0142e spektrum towar\u00f3w od budowlanych, spo\u017cywczych, odzie\u017cowych, a\u017c po wyroby o du\u017cym stopniu przetworzenia jak sprz\u0119t elektroniczny. \u0141\u00f3d\u017a z perspektywy stolicy zawsze by\u0142a traktowana jako miasto za\u015bciankowe, drugiej generacji w cieniu jej potrzeb. Rozwijaj\u0105cy si\u0119 przemys\u0142 w miar\u0119 mo\u017cliwo\u015bci ekonomicznych wykorzystywa\u0142 rodzim\u0105 my\u015bl techniczn\u0105, lecz poza \u0141odzi\u0105 trudno by\u0142o o jej wykorzystanie przy powszechnym zakupie nowych technologii czy wyrob\u00f3w gotowych w krajach Zachodu.<br \/>\nAbsolwenci szk\u00f3\u0142 wy\u017cszych z trudem byli wch\u0142aniani do rodzimego przemys\u0142u zdaj\u0105c sobie spraw\u0119, \u017ce bardzo trudno b\u0119dzie im spe\u0142nia\u0107 rol\u0119 prawdziwych in\u017cynier\u00f3w.<br \/>\nWielu bardziej ambitnych z g\u00f3ry szuka\u0142o sobie pracy w firmach oferuj\u0105cych lepsze warunki pracy, a szczeg\u00f3lnie warunki p\u0142acowe w innych regionach kraju. Pod koniec lat osiemdziesi\u0105tych sytuacja kadry in\u017cynieryjno technicznej by\u0142a ju\u017c tragiczna. O ile \u015brednia p\u0142aca kadry in\u017cynieryjno-technicznej w kraju w stosunku do p\u0142ac robotnik\u00f3w kszta\u0142towa\u0142a si\u0119 na poziomie 85% to w \u0141odzi spad\u0142a poni\u017cej 75%. Organizatorzy Zwi\u0105zku Zawodowego In\u017cynier\u00f3w i Technik\u00f3w na terenie wojew\u00f3dztwa \u0142\u00f3dzkiego podj\u0119li si\u0119 wi\u0119c bardzo trudnej roli, kt\u00f3ra jest widoczna do dnia dzisiejszego.<\/p>\n<p>Z jednej strony m\u0105drzy ludzie podkre\u015blali konieczno\u015b\u0107 obrony kadry in\u017cynieryjno-technicznej przez utworzenie Zwi\u0105zku, z drugiej konieczno\u015b\u0107 poszukiwania pracy za odpowiednie wynagrodzenie umo\u017cliwiaj\u0105ce normaln\u0105 egzystencj\u0119 w obecnych warunkach gospodarczych, rozdrobnienie kadry in\u017cynieryjno technicznej w ma\u0142ych najcz\u0119\u015bciej prywatnych firmach spowodowa\u0142o niech\u0119\u0107 do jakichkolwiek dzia\u0142a\u0144 organizacyjnych.<br \/>\nTym wi\u0119ksz\u0105 zas\u0142ug\u0105 jest organizacja okr\u0119gu, w tym czasie jednego z pierwszych, tym wi\u0119ksz\u0105 zas\u0142ug\u0105 jest wykreowanie wielu wspania\u0142ych dzia\u0142aczy zwi\u0105zkowych.<\/p>\n<p>Du\u017c\u0105 rol\u0119 <strong>w 1989 roku<\/strong> w organizacji pierwszych spotka\u0144 zwi\u0105zkowych i propagowaniu idei odegra\u0142o <strong>Stowarzyszenie In\u017cynier\u00f3w Mechanik\u00f3w Polskich<\/strong>. By\u0142o ono te\u017c inicjatorem i organizatorem I zebrania organizacyjnego. Kana\u0142ami SIMP poinformowano kadr\u0119 w zak\u0142adach o I zebraniu wyborczym.<br \/>\nPomimo du\u017cego zainteresowania i powtarzania w dziesi\u0105tkach zak\u0142ad\u00f3w o konieczno\u015bci obrony kadry in\u017cynieryjnej odwa\u017cnych znalaz\u0142o si\u0119 niewielu. A ci kt\u00f3rzy usi\u0142owali w nowej sytuacji gospodarki rynkowej tworzy\u0107 organizacje zwi\u0105zkowe w firmach prywatnych odczuli na swojej w\u0142asnej sk\u00f3rze skutki drapie\u017cnego kapitalizmu. W sp\u00f3\u0142kach skarbu pa\u0144stwa i w zak\u0142adach pa\u0144stwowych klimat do tworzenia organizacji zwi\u0105zkowych by\u0142 bardziej korzystny, co zaowocowa\u0142o tym, \u017ce w nich organizacje Zwi\u0105zku In\u017cynier\u00f3w i Technik\u00f3w funkcjonuj\u0105 do tej pory, spe\u0142niaj\u0105c doskonale rol\u0119 reprezentanta kadry in\u017cynieryjno technicznej.<\/p>\n<p>Nie unikni\u0119to jednak problem\u00f3w zwi\u0105zanych z wsp\u00f3\u0142istnieniem z innymi zwi\u0105zkami zawodowymi.<br \/>\nW znacznej liczbie zak\u0142ad\u00f3w kadra uwa\u017ca\u0142a, \u017ce \u201eSolidarno\u015b\u0107\u201d jest zbyt silna i nie chc\u0105c si\u0119 im przeciwstawia\u0107, decydowa\u0142a si\u0119 na bierne przyjmowanie zmian w \u015brodowisku pracownik\u00f3w. W niekt\u00f3rych in\u017cynierowie uwa\u017cali, \u017ce tylko \u201eSolidarno\u015b\u0107\u201d jest w stanie poprawi\u0107 ich pozycj\u0119 w spo\u0142ecze\u0144stwie i wynie\u015b\u0107 ich do w\u0142adzy.<\/p>\n<p>Powstanie zak\u0142adowych organizacji zwi\u0105zku in\u017cynier\u00f3w i technik\u00f3w od organizator\u00f3w wymaga\u0142o du\u017cego do\u015bwiadczenia w dzia\u0142alno\u015bci spo\u0142ecznej oraz posiadania zdolno\u015bci przyw\u00f3dczych.<br \/>\nW wi\u0119kszo\u015bci dzia\u0142acze naszego zwi\u0105zku charakteryzuj\u0105 si\u0119 pragmatyzmem w dzia\u0142aniu, kieruj\u0105 si\u0119 zdrowym rozs\u0105dkiem a nie emocjami, co jest g\u0142\u00f3wnym argumentem w pozyskiwaniu nowych cz\u0142onk\u00f3w zwi\u0105zku.<br \/>\nOd pocz\u0105tku dzia\u0142alno\u015bci Zarz\u0105d Okr\u0119gu korzysta z do\u015bwiadcze\u0144 SIMP-u i uzupe\u0142nia go w dzia\u0142alno\u015bci przewidzianej wy\u0142\u0105cznie dla zwi\u0105zk\u00f3w zawodowych.<\/p>\n<p>Region piotrkowski na prze\u0142omie lat osiemdziesi\u0105tych i dziewi\u0119\u0107dziesi\u0105tych by\u0142 znacz\u0105cym okr\u0119giem przemys\u0142owym. Dzia\u0142a\u0142y na tym terenie r\u00f3\u017cne zak\u0142ady przemys\u0142u maszynowego, w\u0142\u00f3kienniczego, chemicznego oraz szklarskiego.<br \/>\nNa pocz\u0105tku lat dziewi\u0119\u0107dziesi\u0105tych, w warunkach nowo wprowadzonego pluralizmu zwi\u0105zkowego zacz\u0119\u0142y powstawa\u0107 pierwsze Zak\u0142adowe Organizacje Zwi\u0105zkowe ZZIT. W maju 1990 roku zosta\u0142 powo\u0142any do \u017cycia <strong>Okr\u0119g Piotrkowski ZZIT<\/strong>.<br \/>\nZarz\u0105d Okr\u0119gu Piotrkowskiego nawi\u0105za\u0142 wsp\u00f3\u0142prac\u0119 z w\u0142adzami samorz\u0105dowymi, miejskimi i wojew\u00f3dzkimi. Po pocz\u0105tkowym okresie wzajemnej nieufno\u015bci uda\u0142o si\u0119 r\u00f3wnie\u017c nawi\u0105za\u0107 kontakty z innymi zwi\u0105zkami zawodowymi, przede wszystkim z NSZZ \u201eSolidarno\u015b\u0107 oraz z OPZZ.<\/p>\n<p>Z dniem 31.12.1998r. zgodnie z Uchwa\u0142\u0105 ZK, dotycz\u0105c\u0105 przystosowania struktury ZZIT do podzia\u0142u administracyjnego kraju, Okr\u0119g Piotrkowski licz\u0105cy w\u00f3wczas 551 cz\u0142onk\u00f3w zosta\u0142 rozwi\u0105zany, a organizacje zak\u0142adowe przy\u0142\u0105czy\u0142y si\u0119 do nowego <strong>Okr\u0119gu \u0141\u00f3dzkiego ZZIT<\/strong>.<\/p>\n","protected":false},"excerpt":{"rendered":"<p>Rys historyczny Region \u0142\u00f3dzki stanowi\u0142 na prze\u0142omie lat osiemdziesi\u0105tych i dziewi\u0119\u0107dziesi\u0105tych znacz\u0105cy jeszcze okr\u0119g przemys\u0142owy oraz centrum naukowe i badawcze dla przemys\u0142u w\u0142\u00f3kienniczego, maszynowego, papierniczego i elektrotechnicznego. By\u0142 silnym o\u015brodkiem akademickim b\u0119d\u0105cym zapleczem kadrowym dla tych dziedzin gospodarki. By\u0142 zawsze &hellip; <a href=\"https:\/\/zzit.org.pl\/okregi\/lodzki\/historia\/\">Czytaj dalej <span class=\"meta-nav\">&rarr;<\/span><\/a><\/p>\n","protected":false},"author":1,"featured_media":0,"parent":0,"menu_order":2,"comment_status":"closed","ping_status":"closed","template":"sidebar-page.php","meta":{"footnotes":""},"class_list":["post-10","page","type-page","status-publish","hentry"],"_links":{"self":[{"href":"https:\/\/zzit.org.pl\/okregi\/lodzki\/wp-json\/wp\/v2\/pages\/10","targetHints":{"allow":["GET"]}}],"collection":[{"href":"https:\/\/zzit.org.pl\/okregi\/lodzki\/wp-json\/wp\/v2\/pages"}],"about":[{"href":"https:\/\/zzit.org.pl\/okregi\/lodzki\/wp-json\/wp\/v2\/types\/page"}],"author":[{"embeddable":true,"href":"https:\/\/zzit.org.pl\/okregi\/lodzki\/wp-json\/wp\/v2\/users\/1"}],"replies":[{"embeddable":true,"href":"https:\/\/zzit.org.pl\/okregi\/lodzki\/wp-json\/wp\/v2\/comments?post=10"}],"version-history":[{"count":4,"href":"https:\/\/zzit.org.pl\/okregi\/lodzki\/wp-json\/wp\/v2\/pages\/10\/revisions"}],"predecessor-version":[{"id":98,"href":"https:\/\/zzit.org.pl\/okregi\/lodzki\/wp-json\/wp\/v2\/pages\/10\/revisions\/98"}],"wp:attachment":[{"href":"https:\/\/zzit.org.pl\/okregi\/lodzki\/wp-json\/wp\/v2\/media?parent=10"}],"curies":[{"name":"wp","href":"https:\/\/api.w.org\/{rel}","templated":true}]}}