{"id":4,"date":"2014-04-16T14:30:22","date_gmt":"2014-04-16T12:30:22","guid":{"rendered":"http:\/\/zzit.org.pl\/okregi\/dolnoslaski\/?page_id=4"},"modified":"2026-03-09T15:44:18","modified_gmt":"2026-03-09T14:44:18","slug":"strona-glowna","status":"publish","type":"page","link":"https:\/\/zzit.org.pl\/okregi\/dolnoslaski\/","title":{"rendered":"Strona g\u0142\u00f3wna"},"content":{"rendered":"<p>Okr\u0119g Dolno\u015bl\u0105ski obejmuje zasi\u0119giem swego dzia\u0142ania wojew\u00f3dztwa dolno\u015bl\u0105skie i opolskie. Zosta\u0142 utworzony na bazie by\u0142ych okr\u0119g\u00f3w: wroc\u0142awskiego, wa\u0142brzyskiego i jeleniog\u00f3rskiego.<br \/>\nW okr\u0119gu dzia\u0142a 14 zak\u0142adowych organizacji zwi\u0105zkowych.<br \/>\nSiedziba okr\u0119gu znajduje si\u0119 we Wroc\u0142awiu, przy ul. Kazimierza Wielkiego 25.<br \/>\nBiuro czynne jest we wtorek i czwartek po wcze\u015bniejszym kontakcie telefonicznym z wiceprzewodnicz\u0105cym Henrykiem Jarczokiem.<\/p>\n<p>Kontakty:<br \/>\nPrzewodnicz\u0105cy \u2013 <strong>Zygmunt Danik<\/strong> &#8211; tel. 512 932 108, e-mail: zzit@jelcz.com.pl<br \/>\nZast\u0119pca\/skarbnik &#8211; <strong>Henryk Jarczok<\/strong> &#8211; tel. 516 016 616, e-mail: zzit.wroc@gmail.com<\/p>\n","protected":false},"excerpt":{"rendered":"<p>Okr\u0119g Dolno\u015bl\u0105ski obejmuje zasi\u0119giem swego dzia\u0142ania wojew\u00f3dztwa dolno\u015bl\u0105skie i opolskie. Zosta\u0142 utworzony na bazie by\u0142ych okr\u0119g\u00f3w: wroc\u0142awskiego, wa\u0142brzyskiego i jeleniog\u00f3rskiego. W okr\u0119gu dzia\u0142a 14 zak\u0142adowych organizacji zwi\u0105zkowych. Siedziba okr\u0119gu znajduje si\u0119 we Wroc\u0142awiu, przy ul. Kazimierza Wielkiego 25. Biuro czynne &hellip; <a href=\"https:\/\/zzit.org.pl\/okregi\/dolnoslaski\/\">Czytaj dalej <span class=\"meta-nav\">&rarr;<\/span><\/a><\/p>\n","protected":false},"author":1,"featured_media":0,"parent":0,"menu_order":0,"comment_status":"closed","ping_status":"open","template":"sidebar-page.php","meta":{"footnotes":""},"class_list":["post-4","page","type-page","status-publish","hentry"],"_links":{"self":[{"href":"https:\/\/zzit.org.pl\/okregi\/dolnoslaski\/wp-json\/wp\/v2\/pages\/4","targetHints":{"allow":["GET"]}}],"collection":[{"href":"https:\/\/zzit.org.pl\/okregi\/dolnoslaski\/wp-json\/wp\/v2\/pages"}],"about":[{"href":"https:\/\/zzit.org.pl\/okregi\/dolnoslaski\/wp-json\/wp\/v2\/types\/page"}],"author":[{"embeddable":true,"href":"https:\/\/zzit.org.pl\/okregi\/dolnoslaski\/wp-json\/wp\/v2\/users\/1"}],"replies":[{"embeddable":true,"href":"https:\/\/zzit.org.pl\/okregi\/dolnoslaski\/wp-json\/wp\/v2\/comments?post=4"}],"version-history":[{"count":11,"href":"https:\/\/zzit.org.pl\/okregi\/dolnoslaski\/wp-json\/wp\/v2\/pages\/4\/revisions"}],"predecessor-version":[{"id":208,"href":"https:\/\/zzit.org.pl\/okregi\/dolnoslaski\/wp-json\/wp\/v2\/pages\/4\/revisions\/208"}],"wp:attachment":[{"href":"https:\/\/zzit.org.pl\/okregi\/dolnoslaski\/wp-json\/wp\/v2\/media?parent=4"}],"curies":[{"name":"wp","href":"https:\/\/api.w.org\/{rel}","templated":true}]}}